Last updated on 2024-07-16 14:50:20 CEST.
Flavor | Version | Tinstall | Tcheck | Ttotal | Status | Flags |
---|---|---|---|---|---|---|
r-devel-linux-x86_64-debian-clang | 0.1.9 | 9.55 | 76.02 | 85.57 | OK | |
r-devel-linux-x86_64-debian-gcc | 0.1.9 | 6.18 | 57.70 | 63.88 | OK | |
r-devel-linux-x86_64-fedora-clang | 0.1.9 | 98.31 | NOTE | |||
r-devel-linux-x86_64-fedora-gcc | 0.1.9 | 96.69 | OK | |||
r-devel-windows-x86_64 | 0.1.9 | 9.00 | 77.00 | 86.00 | NOTE | |
r-patched-linux-x86_64 | 0.1.9 | 12.26 | 73.59 | 85.85 | OK | |
r-release-linux-x86_64 | 0.1.9 | 5.81 | 70.87 | 76.68 | OK | |
r-release-macos-arm64 | 0.1.9 | 37.00 | NOTE | |||
r-release-macos-x86_64 | 0.1.9 | 48.00 | NOTE | |||
r-release-windows-x86_64 | 0.1.9 | 9.00 | 76.00 | 85.00 | NOTE | |
r-oldrel-macos-arm64 | 0.1.9 | 40.00 | NOTE | |||
r-oldrel-macos-x86_64 | 0.1.9 | 88.00 | NOTE | |||
r-oldrel-windows-x86_64 | 0.1.9 | 11.00 | 89.00 | 100.00 | NOTE |
Version: 0.1.9
Check: installed package size
Result: NOTE
installed size is 6.1Mb
sub-directories of 1Mb or more:
doc 5.5Mb
Flavors: r-devel-linux-x86_64-fedora-clang, r-devel-windows-x86_64, r-release-macos-arm64, r-release-macos-x86_64, r-release-windows-x86_64, r-oldrel-macos-arm64, r-oldrel-macos-x86_64, r-oldrel-windows-x86_64
Version: 0.1.9
Check: Rd cross-references
Result: NOTE
Found the following Rd file(s) with Rd \link{} targets missing package
anchors:
coxphHaz.Rd: coxph, survfit
muhaz2.Rd: muhaz
survrate.Rd: Surv
Please provide package anchors for all Rd \link{} targets not in the
package itself and the base packages.
Flavor: r-devel-windows-x86_64