Last updated on 2024-06-07 21:51:29 CEST.
Flavor | Version | Tinstall | Tcheck | Ttotal | Status | Flags |
---|---|---|---|---|---|---|
r-devel-linux-x86_64-debian-clang | 0.23.8 | 3.28 | 23.98 | 27.26 | OK | |
r-devel-linux-x86_64-debian-gcc | 0.23.8 | 2.19 | 18.95 | 21.14 | OK | |
r-devel-linux-x86_64-fedora-clang | 0.23.8 | 33.64 | NOTE | |||
r-devel-linux-x86_64-fedora-gcc | 0.23.8 | 32.73 | OK | |||
r-devel-windows-x86_64 | 0.23.8 | 3.00 | 39.00 | 42.00 | OK | |
r-patched-linux-x86_64 | 0.23.8 | 3.13 | 23.79 | 26.92 | OK | |
r-release-linux-x86_64 | 0.23.8 | 2.65 | 23.68 | 26.33 | OK | |
r-release-macos-arm64 | 0.23.8 | 16.00 | OK | |||
r-release-macos-x86_64 | 0.23.8 | 21.00 | OK | |||
r-release-windows-x86_64 | 0.23.8 | 4.00 | 39.00 | 43.00 | OK | |
r-oldrel-macos-arm64 | 0.23.8 | 19.00 | OK | |||
r-oldrel-macos-x86_64 | 0.23.8 | 33.00 | OK | |||
r-oldrel-windows-x86_64 | 0.23.8 | 7.00 | 39.00 | 46.00 | OK |
Version: 0.23.8
Check: Rd cross-references
Result: NOTE
Undeclared package ‘weibullness’ in Rd xrefs
Flavor: r-devel-linux-x86_64-fedora-clang