Last updated on 2024-06-07 21:51:29 CEST.
Flavor | Version | Tinstall | Tcheck | Ttotal | Status | Flags |
---|---|---|---|---|---|---|
r-devel-linux-x86_64-debian-clang | 2.0.0 | 13.38 | 36.72 | 50.10 | OK | |
r-devel-linux-x86_64-debian-gcc | 2.0.0 | 10.72 | 28.23 | 38.95 | OK | |
r-devel-linux-x86_64-fedora-clang | 2.0.0 | 62.46 | NOTE | |||
r-devel-linux-x86_64-fedora-gcc | 2.0.0 | 59.96 | NOTE | |||
r-devel-windows-x86_64 | 2.0.0 | 15.00 | 57.00 | 72.00 | OK | |
r-patched-linux-x86_64 | 2.0.0 | 14.67 | 35.00 | 49.67 | OK | |
r-release-linux-x86_64 | 2.0.0 | 11.25 | 35.59 | 46.84 | OK | |
r-release-macos-arm64 | 2.0.0 | 29.00 | OK | |||
r-release-macos-x86_64 | 2.0.0 | 41.00 | OK | |||
r-release-windows-x86_64 | 2.0.0 | 15.00 | 57.00 | 72.00 | OK | |
r-oldrel-macos-arm64 | 2.0.0 | 32.00 | OK | |||
r-oldrel-macos-x86_64 | 2.0.0 | 69.00 | OK | |||
r-oldrel-windows-x86_64 | 2.0.0 | 17.00 | 62.00 | 79.00 | OK |
Version: 2.0.0
Check: dependencies in R code
Result: NOTE
Namespace in Imports field not imported from: ‘sf’
All declared Imports should be used.
Flavors: r-devel-linux-x86_64-fedora-clang, r-devel-linux-x86_64-fedora-gcc
Version: 2.0.0
Check: data for non-ASCII characters
Result: NOTE
Note: found 3061 marked UTF-8 strings
Flavors: r-devel-linux-x86_64-fedora-clang, r-devel-linux-x86_64-fedora-gcc