Last updated on 2024-06-07 21:51:29 CEST.
Flavor | Version | Tinstall | Tcheck | Ttotal | Status | Flags |
---|---|---|---|---|---|---|
r-devel-linux-x86_64-debian-clang | 0.10.5 | 16.22 | 413.77 | 429.99 | OK | |
r-devel-linux-x86_64-debian-gcc | 0.10.5 | 12.46 | 321.33 | 333.79 | OK | |
r-devel-linux-x86_64-fedora-clang | 0.10.5 | 558.57 | NOTE | |||
r-devel-linux-x86_64-fedora-gcc | 0.10.5 | 556.08 | OK | |||
r-devel-windows-x86_64 | 0.10.5 | 15.00 | 282.00 | 297.00 | NOTE | |
r-patched-linux-x86_64 | 0.10.5 | 19.90 | 416.38 | 436.28 | OK | |
r-release-linux-x86_64 | 0.10.5 | 15.95 | 413.34 | 429.29 | OK | |
r-release-macos-arm64 | 0.10.5 | 153.00 | NOTE | |||
r-release-macos-x86_64 | 0.10.5 | 230.00 | NOTE | |||
r-release-windows-x86_64 | 0.10.5 | 15.00 | 280.00 | 295.00 | NOTE | |
r-oldrel-macos-arm64 | 0.10.5 | 156.00 | NOTE | |||
r-oldrel-macos-x86_64 | 0.10.5 | 355.00 | NOTE | |||
r-oldrel-windows-x86_64 | 0.10.5 | 17.00 | 347.00 | 364.00 | NOTE |
Version: 0.10.5
Check: installed package size
Result: NOTE
installed size is 6.7Mb
sub-directories of 1Mb or more:
doc 5.4Mb
Flavors: r-devel-linux-x86_64-fedora-clang, r-devel-windows-x86_64, r-release-macos-arm64, r-release-macos-x86_64, r-release-windows-x86_64, r-oldrel-macos-arm64, r-oldrel-macos-x86_64, r-oldrel-windows-x86_64