Last updated on 2024-08-16 09:49:01 CEST.
Flavor | Version | Tinstall | Tcheck | Ttotal | Status | Flags |
---|---|---|---|---|---|---|
r-devel-linux-x86_64-debian-clang | 0.11.0 | 12.11 | 304.04 | 316.15 | NOTE | |
r-devel-linux-x86_64-debian-gcc | 0.11.0 | 8.79 | 186.15 | 194.94 | NOTE | |
r-devel-linux-x86_64-fedora-clang | 0.11.0 | 503.17 | OK | |||
r-devel-linux-x86_64-fedora-gcc | 0.11.0 | 484.75 | OK | |||
r-devel-windows-x86_64 | 0.11.0 | 13.00 | 271.00 | 284.00 | NOTE | |
r-patched-linux-x86_64 | 0.11.0 | 17.68 | 281.90 | 299.58 | OK | |
r-release-linux-x86_64 | 0.11.0 | 11.38 | 288.31 | 299.69 | OK | |
r-release-macos-arm64 | 0.11.0 | 129.00 | OK | |||
r-release-macos-x86_64 | 0.11.0 | 237.00 | OK | |||
r-release-windows-x86_64 | 0.11.0 | 12.00 | 265.00 | 277.00 | OK | |
r-oldrel-macos-arm64 | 0.11.0 | 215.00 | OK | |||
r-oldrel-macos-x86_64 | 0.11.0 | 259.00 | OK | |||
r-oldrel-windows-x86_64 | 0.11.0 | 17.00 | 354.00 | 371.00 | OK |
Version: 0.11.0
Check: Rd cross-references
Result: NOTE
Found the following Rd file(s) with Rd \link{} targets missing package
anchors:
cfda-package.Rd: create.basis
compute_optimal_encoding.Rd: create.basis
Please provide package anchors for all Rd \link{} targets not in the
package itself and the base packages.
Flavors: r-devel-linux-x86_64-debian-clang, r-devel-linux-x86_64-debian-gcc, r-devel-windows-x86_64