Last updated on 2024-06-07 21:51:30 CEST.
Flavor | Version | Tinstall | Tcheck | Ttotal | Status | Flags |
---|---|---|---|---|---|---|
r-devel-linux-x86_64-debian-clang | 0.2.3 | 7.09 | 161.62 | 168.71 | OK | |
r-devel-linux-x86_64-debian-gcc | 0.2.3 | 5.78 | 124.65 | 130.43 | OK | |
r-devel-linux-x86_64-fedora-clang | 0.2.3 | 224.94 | OK | |||
r-devel-linux-x86_64-fedora-gcc | 0.2.3 | 228.85 | OK | |||
r-devel-windows-x86_64 | 0.2.3 | 9.00 | 131.00 | 140.00 | OK | |
r-patched-linux-x86_64 | 0.2.3 | 7.20 | 155.58 | 162.78 | OK | |
r-release-linux-x86_64 | 0.2.3 | 8.61 | 158.75 | 167.36 | OK | |
r-release-macos-arm64 | 0.2.3 | 5.00 | ERROR | |||
r-release-macos-x86_64 | 0.2.3 | 7.00 | ERROR | |||
r-release-windows-x86_64 | 0.2.3 | 10.00 | 133.00 | 143.00 | OK | |
r-oldrel-macos-arm64 | 0.2.3 | 6.00 | ERROR | |||
r-oldrel-macos-x86_64 | 0.2.3 | 11.00 | ERROR | |||
r-oldrel-windows-x86_64 | 0.2.3 | 11.00 | 161.00 | 172.00 | OK |
Version: 0.2.3
Check: package dependencies
Result: ERROR
Packages required but not available:
'ChIPseeker', 'TxDb.Hsapiens.UCSC.hg38.knownGene',
'TxDb.Hsapiens.UCSC.hg19.knownGene',
'TxDb.Mmusculus.UCSC.mm10.knownGene'
See section ‘The DESCRIPTION file’ in the ‘Writing R Extensions’
manual.
Flavors: r-release-macos-arm64, r-release-macos-x86_64
Version: 0.2.3
Check: package dependencies
Result: ERROR
Packages required but not available:
'ChIPseeker', 'TxDb.Hsapiens.UCSC.hg38.knownGene'
See section ‘The DESCRIPTION file’ in the ‘Writing R Extensions’
manual.
Flavor: r-oldrel-macos-arm64
Version: 0.2.3
Check: package dependencies
Result: ERROR
Packages required but not available:
'TxDb.Hsapiens.UCSC.hg38.knownGene',
'TxDb.Mmusculus.UCSC.mm10.knownGene'
See section ‘The DESCRIPTION file’ in the ‘Writing R Extensions’
manual.
Flavor: r-oldrel-macos-x86_64