Last updated on 2024-06-07 21:51:30 CEST.
Flavor | Version | Tinstall | Tcheck | Ttotal | Status | Flags |
---|---|---|---|---|---|---|
r-devel-linux-x86_64-debian-clang | 0.5.0 | 1.97 | 22.75 | 24.72 | OK | |
r-devel-linux-x86_64-debian-gcc | 0.5.0 | 1.81 | 17.91 | 19.72 | OK | |
r-devel-linux-x86_64-fedora-clang | 0.5.0 | 31.97 | NOTE | |||
r-devel-linux-x86_64-fedora-gcc | 0.5.0 | 30.55 | NOTE | |||
r-devel-windows-x86_64 | 0.5.0 | 3.00 | 42.00 | 45.00 | OK | |
r-patched-linux-x86_64 | 0.5.0 | 2.34 | 21.89 | 24.23 | OK | |
r-release-linux-x86_64 | 0.5.0 | 2.29 | 22.26 | 24.55 | OK | |
r-release-macos-arm64 | 0.5.0 | 14.00 | OK | |||
r-release-macos-x86_64 | 0.5.0 | 21.00 | OK | |||
r-release-windows-x86_64 | 0.5.0 | 2.00 | 40.00 | 42.00 | OK | |
r-oldrel-macos-arm64 | 0.5.0 | 17.00 | OK | |||
r-oldrel-macos-x86_64 | 0.5.0 | 22.00 | OK | |||
r-oldrel-windows-x86_64 | 0.5.0 | 3.00 | 42.00 | 45.00 | OK |
Version: 0.5.0
Check: data for non-ASCII characters
Result: NOTE
Note: found 6 marked UTF-8 strings
Flavors: r-devel-linux-x86_64-fedora-clang, r-devel-linux-x86_64-fedora-gcc