Last updated on 2024-06-07 21:51:31 CEST.
Flavor | Version | Tinstall | Tcheck | Ttotal | Status | Flags |
---|---|---|---|---|---|---|
r-devel-linux-x86_64-debian-clang | 0.1.2 | 5.00 | 41.21 | 46.21 | OK | |
r-devel-linux-x86_64-debian-gcc | 0.1.2 | 4.43 | 31.58 | 36.01 | OK | |
r-devel-linux-x86_64-fedora-clang | 0.1.2 | 57.20 | NOTE | |||
r-devel-linux-x86_64-fedora-gcc | 0.1.2 | 66.76 | NOTE | |||
r-devel-windows-x86_64 | 0.1.2 | 7.00 | 55.00 | 62.00 | OK | |
r-patched-linux-x86_64 | 0.1.2 | 3.60 | 39.76 | 43.36 | OK | |
r-release-linux-x86_64 | 0.1.2 | 3.52 | 39.21 | 42.73 | OK | |
r-release-macos-arm64 | 0.1.2 | 31.00 | OK | |||
r-release-macos-x86_64 | 0.1.2 | 42.00 | OK | |||
r-release-windows-x86_64 | 0.1.2 | 7.00 | 57.00 | 64.00 | OK | |
r-oldrel-macos-arm64 | 0.1.2 | 33.00 | OK | |||
r-oldrel-macos-x86_64 | 0.1.2 | 41.00 | OK | |||
r-oldrel-windows-x86_64 | 0.1.2 | 8.00 | 64.00 | 72.00 | OK |
Version: 0.1.2
Check: dependencies in R code
Result: NOTE
Namespaces in Imports field not imported from:
‘mapview’ ‘plotly’
All declared Imports should be used.
Flavors: r-devel-linux-x86_64-fedora-clang, r-devel-linux-x86_64-fedora-gcc