Last updated on 2024-06-16 00:14:01 CEST.
Flavor | Version | Tinstall | Tcheck | Ttotal | Status | Flags |
---|---|---|---|---|---|---|
r-devel-linux-x86_64-debian-clang | 0.5.2 | 8.26 | 194.07 | 202.33 | OK | |
r-devel-linux-x86_64-debian-gcc | 0.5.2 | 5.54 | 142.72 | 148.26 | OK | |
r-devel-linux-x86_64-fedora-clang | 0.5.2 | 242.81 | NOTE | |||
r-devel-linux-x86_64-fedora-gcc | 0.5.2 | 244.22 | NOTE | |||
r-devel-windows-x86_64 | 0.5.2 | 8.00 | 184.00 | 192.00 | OK | |
r-patched-linux-x86_64 | 0.5.2 | 6.39 | 185.68 | 192.07 | OK | |
r-release-linux-x86_64 | 0.5.2 | 5.22 | 191.31 | 196.53 | OK | |
r-release-macos-arm64 | 0.5.2 | 102.00 | OK | |||
r-release-macos-x86_64 | 0.5.2 | 142.00 | OK | |||
r-release-windows-x86_64 | 0.5.2 | 10.00 | 182.00 | 192.00 | OK | |
r-oldrel-macos-arm64 | 0.5.2 | 95.00 | OK | |||
r-oldrel-macos-x86_64 | 0.5.2 | 200.00 | OK | |||
r-oldrel-windows-x86_64 | 0.5.2 | 11.00 | 218.00 | 229.00 | OK |
Version: 0.5.2
Check: data for non-ASCII characters
Result: NOTE
Note: found 20 marked UTF-8 strings
Flavors: r-devel-linux-x86_64-fedora-clang, r-devel-linux-x86_64-fedora-gcc