Last updated on 2024-06-16 00:14:01 CEST.
Flavor | Version | Tinstall | Tcheck | Ttotal | Status | Flags |
---|---|---|---|---|---|---|
r-devel-linux-x86_64-debian-clang | 1.5.2 | 4.55 | 38.42 | 42.97 | NOTE | |
r-devel-linux-x86_64-debian-gcc | 1.5.2 | 2.67 | 28.99 | 31.66 | NOTE | |
r-devel-linux-x86_64-fedora-clang | 1.5.2 | 53.55 | NOTE | |||
r-devel-linux-x86_64-fedora-gcc | 1.5.2 | 49.85 | NOTE | |||
r-devel-windows-x86_64 | 1.5.2 | 6.00 | 52.00 | 58.00 | NOTE | |
r-patched-linux-x86_64 | 1.5.2 | 4.23 | 37.25 | 41.48 | NOTE | |
r-release-linux-x86_64 | 1.5.2 | 4.08 | 36.02 | 40.10 | NOTE | |
r-release-macos-arm64 | 1.5.2 | 19.00 | NOTE | |||
r-release-macos-x86_64 | 1.5.2 | 30.00 | NOTE | |||
r-release-windows-x86_64 | 1.5.2 | 6.00 | 53.00 | 59.00 | NOTE | |
r-oldrel-macos-arm64 | 1.5.2 | 19.00 | OK | |||
r-oldrel-macos-x86_64 | 1.5.2 | 28.00 | OK | |||
r-oldrel-windows-x86_64 | 1.5.2 | 7.00 | 58.00 | 65.00 | OK |
Version: 1.5.2
Check: Rd files
Result: NOTE
checkRd: (-1) make_style.Rd:51: Lost braces
51 | The style (the code{...} argument) can be anything of the
| ^
Flavors: r-devel-linux-x86_64-debian-clang, r-devel-linux-x86_64-debian-gcc, r-devel-linux-x86_64-fedora-clang, r-devel-linux-x86_64-fedora-gcc, r-devel-windows-x86_64, r-patched-linux-x86_64, r-release-linux-x86_64, r-release-macos-arm64, r-release-macos-x86_64, r-release-windows-x86_64