Last updated on 2024-06-07 21:51:33 CEST.
Flavor | Version | Tinstall | Tcheck | Ttotal | Status | Flags |
---|---|---|---|---|---|---|
r-devel-linux-x86_64-debian-clang | 1.1.1 | 14.72 | 130.17 | 144.89 | NOTE | |
r-devel-linux-x86_64-debian-gcc | 1.1.1 | 10.67 | 101.07 | 111.74 | NOTE | |
r-devel-linux-x86_64-fedora-clang | 1.1.1 | 179.61 | NOTE | |||
r-devel-linux-x86_64-fedora-gcc | 1.1.1 | 164.54 | NOTE | |||
r-devel-windows-x86_64 | 1.1.1 | 12.00 | 127.00 | 139.00 | NOTE | |
r-patched-linux-x86_64 | 1.1.1 | 18.00 | 130.00 | 148.00 | NOTE | |
r-release-linux-x86_64 | 1.1.1 | 13.82 | 126.00 | 139.82 | NOTE | |
r-release-macos-arm64 | 1.1.1 | 50.00 | NOTE | |||
r-release-macos-x86_64 | 1.1.1 | 77.00 | NOTE | |||
r-release-windows-x86_64 | 1.1.1 | 13.00 | 128.00 | 141.00 | NOTE | |
r-oldrel-macos-arm64 | 1.1.1 | 50.00 | OK | |||
r-oldrel-macos-x86_64 | 1.1.1 | 134.00 | OK | |||
r-oldrel-windows-x86_64 | 1.1.1 | 17.00 | 148.00 | 165.00 | OK |
Version: 1.1.1
Check: Rd files
Result: NOTE
checkRd: (-1) build_date_factor.Rd:15: Lost braces; missing escapes or markup?
15 | Map a vector of dates to a factor at one of these levels {"yearmonth", "yearquarter", "quarter", "month"}
| ^
checkRd: (-1) build_date_factor.Rd:12: Lost braces; missing escapes or markup?
12 | \item{type}{One of {"year", "yearquarter", "yearmonth", "quarter", "month"}}
| ^
Flavors: r-devel-linux-x86_64-debian-clang, r-devel-linux-x86_64-debian-gcc, r-devel-linux-x86_64-fedora-clang, r-devel-linux-x86_64-fedora-gcc, r-devel-windows-x86_64, r-patched-linux-x86_64, r-release-linux-x86_64, r-release-macos-arm64, r-release-macos-x86_64, r-release-windows-x86_64