Last updated on 2024-06-07 21:51:33 CEST.
Flavor | Version | Tinstall | Tcheck | Ttotal | Status | Flags |
---|---|---|---|---|---|---|
r-devel-linux-x86_64-debian-clang | 0.8.11 | 95.41 | 37.17 | 132.58 | NOTE | |
r-devel-linux-x86_64-debian-gcc | 0.8.11 | 67.89 | 28.83 | 96.72 | NOTE | |
r-devel-linux-x86_64-fedora-clang | 0.8.11 | 183.79 | NOTE | |||
r-devel-linux-x86_64-fedora-gcc | 0.8.11 | 199.89 | NOTE | |||
r-devel-windows-x86_64 | 0.8.11 | 68.00 | 78.00 | 146.00 | NOTE | |
r-patched-linux-x86_64 | 0.8.11 | 80.93 | 35.69 | 116.62 | NOTE | |
r-release-linux-x86_64 | 0.8.11 | 82.30 | 36.57 | 118.87 | NOTE | |
r-release-macos-arm64 | 0.8.11 | 68.00 | NOTE | |||
r-release-macos-x86_64 | 0.8.11 | 104.00 | NOTE | |||
r-release-windows-x86_64 | 0.8.11 | 68.00 | 68.00 | 136.00 | NOTE | |
r-oldrel-macos-arm64 | 0.8.11 | 78.00 | NOTE | |||
r-oldrel-macos-x86_64 | 0.8.11 | 130.00 | NOTE | |||
r-oldrel-windows-x86_64 | 0.8.11 | 67.00 | 82.00 | 149.00 | NOTE |
Version: 0.8.11
Check: C++ specification
Result: NOTE
Specified C++11: please drop specification unless essential
Flavors: r-devel-linux-x86_64-debian-clang, r-devel-linux-x86_64-debian-gcc, r-devel-linux-x86_64-fedora-clang, r-devel-linux-x86_64-fedora-gcc, r-devel-windows-x86_64, r-patched-linux-x86_64, r-release-linux-x86_64, r-release-macos-arm64, r-release-macos-x86_64, r-release-windows-x86_64, r-oldrel-macos-arm64, r-oldrel-macos-x86_64, r-oldrel-windows-x86_64
Version: 0.8.11
Check: for GNU extensions in Makefiles
Result: NOTE
GNU make is a SystemRequirements.
Flavors: r-devel-linux-x86_64-debian-clang, r-devel-linux-x86_64-debian-gcc, r-devel-linux-x86_64-fedora-clang, r-devel-linux-x86_64-fedora-gcc, r-devel-windows-x86_64, r-patched-linux-x86_64, r-release-linux-x86_64, r-release-macos-arm64, r-release-macos-x86_64, r-release-windows-x86_64, r-oldrel-macos-arm64, r-oldrel-macos-x86_64, r-oldrel-windows-x86_64
Version: 0.8.11
Check: installed package size
Result: NOTE
installed size is 5.0Mb
sub-directories of 1Mb or more:
libs 4.6Mb
Flavors: r-release-macos-x86_64, r-oldrel-macos-arm64, r-oldrel-macos-x86_64