Last updated on 2024-06-07 21:51:34 CEST.
Flavor | Version | Tinstall | Tcheck | Ttotal | Status | Flags |
---|---|---|---|---|---|---|
r-devel-linux-x86_64-debian-clang | 0.5.4 | 7.14 | 58.34 | 65.48 | NOTE | |
r-devel-linux-x86_64-debian-gcc | 0.5.4 | 5.45 | 42.79 | 48.24 | NOTE | |
r-devel-linux-x86_64-fedora-clang | 0.5.4 | 80.16 | NOTE | |||
r-devel-linux-x86_64-fedora-gcc | 0.5.4 | 75.05 | NOTE | |||
r-devel-windows-x86_64 | 0.5.4 | 8.00 | 62.00 | 70.00 | NOTE | |
r-patched-linux-x86_64 | 0.5.4 | 9.24 | 54.15 | 63.39 | NOTE | |
r-release-linux-x86_64 | 0.5.4 | 7.24 | 54.26 | 61.50 | NOTE | |
r-release-macos-arm64 | 0.5.4 | 25.00 | NOTE | |||
r-release-macos-x86_64 | 0.5.4 | 48.00 | NOTE | |||
r-release-windows-x86_64 | 0.5.4 | 8.00 | 60.00 | 68.00 | NOTE | |
r-oldrel-macos-arm64 | 0.5.4 | 29.00 | NOTE | |||
r-oldrel-macos-x86_64 | 0.5.4 | 55.00 | NOTE | |||
r-oldrel-windows-x86_64 | 0.5.4 | 9.00 | 68.00 | 77.00 | NOTE |
Version: 0.5.4
Check: package dependencies
Result: NOTE
Packages which this enhances but not available for checking:
'gurobi', 'Rcplex'
Flavors: r-devel-linux-x86_64-debian-clang, r-devel-linux-x86_64-fedora-clang, r-devel-linux-x86_64-fedora-gcc, r-devel-windows-x86_64, r-patched-linux-x86_64, r-release-linux-x86_64, r-release-macos-arm64, r-release-macos-x86_64, r-release-windows-x86_64, r-oldrel-macos-arm64, r-oldrel-macos-x86_64, r-oldrel-windows-x86_64
Version: 0.5.4
Check: package dependencies
Result: NOTE
Package which this enhances but not available for checking: ‘gurobi’
Flavor: r-devel-linux-x86_64-debian-gcc