Last updated on 2024-06-07 21:51:34 CEST.
Flavor | Version | Tinstall | Tcheck | Ttotal | Status | Flags |
---|---|---|---|---|---|---|
r-devel-linux-x86_64-debian-clang | 1.3-14 | 60.87 | 392.70 | 453.57 | NOTE | |
r-devel-linux-x86_64-debian-gcc | 1.3-14 | 48.41 | 273.54 | 321.95 | NOTE | |
r-devel-linux-x86_64-fedora-clang | 1.3-14 | 557.48 | NOTE | |||
r-devel-linux-x86_64-fedora-gcc | 1.3-14 | 533.60 | NOTE | |||
r-devel-windows-x86_64 | 1.3-14 | 49.00 | 288.00 | 337.00 | NOTE | --no-vignettes |
r-patched-linux-x86_64 | 1.3-14 | 63.47 | 375.47 | 438.94 | NOTE | |
r-release-linux-x86_64 | 1.3-14 | 58.23 | 372.95 | 431.18 | NOTE | |
r-release-macos-arm64 | 1.3-14 | 122.00 | NOTE | |||
r-release-macos-x86_64 | 1.3-14 | 200.00 | NOTE | |||
r-release-windows-x86_64 | 1.3-14 | 48.00 | 245.00 | 293.00 | NOTE | --no-vignettes |
r-oldrel-macos-arm64 | 1.3-14 | 119.00 | OK | |||
r-oldrel-macos-x86_64 | 1.3-14 | 412.00 | OK | |||
r-oldrel-windows-x86_64 | 1.3-14 | 64.00 | 251.00 | 315.00 | OK | --no-vignettes |
Version: 1.3-14
Check: Rd files
Result: NOTE
checkRd: (-1) mess.Rd:28: Lost braces
28 | Elith J., M. Kearney M., and S. Phillips, 2010. The art of modelling range-shifting species. \doi{10.1111/j.2041-210X.2010.00036.x}{Methods in Ecology and Evolution 1:330-342}.
| ^
Flavors: r-devel-linux-x86_64-debian-clang, r-devel-linux-x86_64-debian-gcc, r-devel-linux-x86_64-fedora-clang, r-devel-linux-x86_64-fedora-gcc, r-patched-linux-x86_64, r-release-linux-x86_64, r-release-macos-arm64, r-release-macos-x86_64
Version: 1.3-14
Check: data for non-ASCII characters
Result: NOTE
Note: found 106 marked UTF-8 strings
Flavors: r-devel-linux-x86_64-fedora-clang, r-devel-linux-x86_64-fedora-gcc
Version: 1.3-14
Flags: --no-vignettes
Check: Rd files
Result: NOTE
checkRd: (-1) mess.Rd:28: Lost braces
28 | Elith J., M. Kearney M., and S. Phillips, 2010. The art of modelling range-shifting species. \doi{10.1111/j.2041-210X.2010.00036.x}{Methods in Ecology and Evolution 1:330-342}.
| ^
Flavors: r-devel-windows-x86_64, r-release-windows-x86_64