Last updated on 2024-08-16 09:49:03 CEST.
Flavor | Version | Tinstall | Tcheck | Ttotal | Status | Flags |
---|---|---|---|---|---|---|
r-devel-linux-x86_64-debian-clang | 1.0.0-2 | 2743.45 | 76.00 | 2819.45 | OK | |
r-devel-linux-x86_64-debian-gcc | 1.0.0-2 | 2166.94 | 63.09 | 2230.03 | WARN | |
r-devel-linux-x86_64-fedora-clang | 1.0.0-2 | 4676.68 | NOTE | |||
r-devel-linux-x86_64-fedora-gcc | 1.0.0-2 | 6452.34 | OK | |||
r-devel-windows-x86_64 | 1.0.0-2 | 2737.00 | 330.00 | 3067.00 | NOTE | |
r-patched-linux-x86_64 | 1.0.0-2 | 2971.37 | 72.74 | 3044.11 | OK | |
r-release-linux-x86_64 | 1.0.0-2 | 2972.60 | 72.35 | 3044.95 | OK | |
r-release-macos-arm64 | 1.0.0-2 | 1133.00 | NOTE | |||
r-release-macos-x86_64 | 1.0.0-2 | 1165.00 | NOTE | |||
r-release-windows-x86_64 | 1.0.0-2 | 2748.00 | 375.00 | 3123.00 | NOTE | |
r-oldrel-macos-arm64 | 1.0.0-2 | 1140.00 | NOTE | |||
r-oldrel-macos-x86_64 | 1.0.0-2 | 1035.00 | NOTE | |||
r-oldrel-windows-x86_64 | 1.0.0-2 | 2601.00 | 446.00 | 3047.00 | NOTE |
Version: 1.0.0-2
Check: whether package can be installed
Result: WARN
Found the following significant warnings:
/usr/include/c++/14/bits/move.h:221:11: warning: ‘((void (**)(std::__cxx11::basic_string<char, std::char_traits<char>, std::allocator<char> >))this)[2]’ is used uninitialized [-Wuninitialized]
See ‘/home/hornik/tmp/R.check/r-devel-gcc/Work/PKGS/duckdb.Rcheck/00install.out’ for details.
* used C++ compiler: ‘g++-14 (Debian 14.2.0-1) 14.2.0’
Flavor: r-devel-linux-x86_64-debian-gcc
Version: 1.0.0-2
Check: installed package size
Result: NOTE
installed size is 45.7Mb
sub-directories of 1Mb or more:
libs 44.9Mb
Flavors: r-devel-linux-x86_64-fedora-clang, r-devel-windows-x86_64, r-release-macos-arm64, r-release-macos-x86_64, r-release-windows-x86_64, r-oldrel-macos-arm64, r-oldrel-macos-x86_64, r-oldrel-windows-x86_64