Last updated on 2024-06-29 11:49:11 CEST.
Flavor | Version | Tinstall | Tcheck | Ttotal | Status | Flags |
---|---|---|---|---|---|---|
r-devel-linux-x86_64-debian-clang | 1.1 | 10.56 | 59.01 | 69.57 | OK | |
r-devel-linux-x86_64-debian-gcc | 1.1 | 5.48 | 41.59 | 47.07 | OK | |
r-devel-linux-x86_64-fedora-clang | 1.1 | 83.55 | NOTE | |||
r-devel-linux-x86_64-fedora-gcc | 1.1 | 83.25 | NOTE | |||
r-devel-windows-x86_64 | 1.1 | 9.00 | 66.00 | 75.00 | OK | |
r-patched-linux-x86_64 | 1.1 | 8.63 | 55.10 | 63.73 | OK | |
r-release-linux-x86_64 | 1.1 | 5.78 | 55.69 | 61.47 | OK | |
r-release-macos-arm64 | 1.1 | 27.00 | OK | |||
r-release-macos-x86_64 | 1.1 | 36.00 | OK | |||
r-release-windows-x86_64 | 1.1 | 10.00 | 66.00 | 76.00 | OK | |
r-oldrel-macos-arm64 | 1.1 | 24.00 | OK | |||
r-oldrel-macos-x86_64 | 1.1 | 55.00 | OK | |||
r-oldrel-windows-x86_64 | 1.1 | 12.00 | 75.00 | 87.00 | OK |
Version: 1.1
Check: dependencies in R code
Result: NOTE
Namespaces in Imports field not imported from:
‘GenEst’ ‘expint’ ‘numDeriv’
All declared Imports should be used.
Flavors: r-devel-linux-x86_64-fedora-clang, r-devel-linux-x86_64-fedora-gcc