Last updated on 2024-06-08 09:49:10 CEST.
Flavor | Version | Tinstall | Tcheck | Ttotal | Status | Flags |
---|---|---|---|---|---|---|
r-devel-linux-x86_64-debian-clang | 0.1.0 | 5.28 | 38.93 | 44.21 | OK | |
r-devel-linux-x86_64-debian-gcc | 0.1.0 | 4.25 | 29.07 | 33.32 | OK | |
r-devel-linux-x86_64-fedora-clang | 0.1.0 | 55.45 | NOTE | |||
r-devel-linux-x86_64-fedora-gcc | 0.1.0 | 53.19 | NOTE | |||
r-devel-windows-x86_64 | 0.1.0 | 6.00 | 48.00 | 54.00 | OK | |
r-patched-linux-x86_64 | 0.1.0 | 3.91 | 38.25 | 42.16 | OK | |
r-release-linux-x86_64 | 0.1.0 | 5.14 | 36.35 | 41.49 | OK | |
r-release-macos-arm64 | 0.1.0 | 22.00 | OK | |||
r-release-macos-x86_64 | 0.1.0 | 30.00 | OK | |||
r-release-windows-x86_64 | 0.1.0 | 6.00 | 49.00 | 55.00 | OK | |
r-oldrel-macos-arm64 | 0.1.0 | 23.00 | OK | |||
r-oldrel-macos-x86_64 | 0.1.0 | 33.00 | OK | |||
r-oldrel-windows-x86_64 | 0.1.0 | 8.00 | 54.00 | 62.00 | OK |
Version: 0.1.0
Check: data for non-ASCII characters
Result: NOTE
Note: found 1350 marked UTF-8 strings
Flavors: r-devel-linux-x86_64-fedora-clang, r-devel-linux-x86_64-fedora-gcc