Last updated on 2024-08-16 09:49:05 CEST.
Flavor | Version | Tinstall | Tcheck | Ttotal | Status | Flags |
---|---|---|---|---|---|---|
r-devel-linux-x86_64-debian-clang | 0.1.0 | 7.23 | 48.05 | 55.28 | OK | |
r-devel-linux-x86_64-debian-gcc | 0.1.0 | 4.62 | 33.84 | 38.46 | OK | |
r-devel-linux-x86_64-fedora-clang | 0.1.0 | 88.87 | NOTE | |||
r-devel-linux-x86_64-fedora-gcc | 0.1.0 | 85.82 | OK | |||
r-devel-windows-x86_64 | 0.1.0 | 8.00 | 64.00 | 72.00 | OK | |
r-patched-linux-x86_64 | 0.1.0 | 6.95 | 45.06 | 52.01 | OK | |
r-release-linux-x86_64 | 0.1.0 | 6.30 | 44.78 | 51.08 | OK | |
r-release-macos-arm64 | 0.1.0 | 28.00 | OK | |||
r-release-macos-x86_64 | 0.1.0 | 43.00 | OK | |||
r-release-windows-x86_64 | 0.1.0 | 9.00 | 63.00 | 72.00 | OK | |
r-oldrel-macos-arm64 | 0.1.0 | 29.00 | OK | |||
r-oldrel-macos-x86_64 | 0.1.0 | 39.00 | OK | |||
r-oldrel-windows-x86_64 | 0.1.0 | 10.00 | 72.00 | 82.00 | OK |
Version: 0.1.0
Check: Rd cross-references
Result: NOTE
Undeclared package ‘ks’ in Rd xrefs
Flavor: r-devel-linux-x86_64-fedora-clang