Last updated on 2024-06-08 09:49:11 CEST.
Flavor | Version | Tinstall | Tcheck | Ttotal | Status | Flags |
---|---|---|---|---|---|---|
r-devel-linux-x86_64-debian-clang | 1.2.0 | 31.81 | 459.99 | 491.80 | OK | |
r-devel-linux-x86_64-debian-gcc | 1.2.0 | 22.24 | 328.42 | 350.66 | OK | |
r-devel-linux-x86_64-fedora-clang | 1.2.0 | 627.03 | NOTE | |||
r-devel-linux-x86_64-fedora-gcc | 1.2.0 | 587.52 | NOTE | |||
r-devel-windows-x86_64 | 1.2.0 | 24.00 | 297.00 | 321.00 | OK | |
r-patched-linux-x86_64 | 1.2.0 | 28.93 | 437.39 | 466.32 | OK | |
r-release-linux-x86_64 | 1.2.0 | 27.11 | 442.27 | 469.38 | OK | |
r-release-macos-arm64 | 1.2.0 | 178.00 | OK | |||
r-release-macos-x86_64 | 1.2.0 | 275.00 | OK | |||
r-release-windows-x86_64 | 1.2.0 | 23.00 | 311.00 | 334.00 | OK | |
r-oldrel-macos-arm64 | 1.2.0 | 164.00 | OK | |||
r-oldrel-macos-x86_64 | 1.2.0 | 402.00 | OK | |||
r-oldrel-windows-x86_64 | 1.2.0 | 30.00 | 346.00 | 376.00 | OK |
Version: 1.2.0
Check: data for non-ASCII characters
Result: NOTE
Note: found 4004 marked UTF-8 strings
Flavors: r-devel-linux-x86_64-fedora-clang, r-devel-linux-x86_64-fedora-gcc