Last updated on 2024-06-15 11:50:07 CEST.
Flavor | Version | Tinstall | Tcheck | Ttotal | Status | Flags |
---|---|---|---|---|---|---|
r-devel-linux-x86_64-debian-clang | 1.0.3 | 18.69 | 467.70 | 486.39 | OK | |
r-devel-linux-x86_64-debian-gcc | 1.0.3 | 13.79 | 398.32 | 412.11 | OK | |
r-devel-linux-x86_64-fedora-clang | 1.0.3 | 625.72 | NOTE | |||
r-devel-linux-x86_64-fedora-gcc | 1.0.3 | 604.85 | NOTE | |||
r-devel-windows-x86_64 | 1.0.3 | 15.00 | 369.00 | 384.00 | OK | |
r-patched-linux-x86_64 | 1.0.3 | 17.22 | 481.47 | 498.69 | OK | |
r-release-linux-x86_64 | 1.0.3 | 17.21 | 484.28 | 501.49 | OK | |
r-release-macos-arm64 | 1.0.3 | 170.00 | OK | |||
r-release-macos-x86_64 | 1.0.3 | 278.00 | OK | |||
r-release-windows-x86_64 | 1.0.3 | 15.00 | 369.00 | 384.00 | OK | |
r-oldrel-macos-arm64 | 1.0.3 | 188.00 | OK | |||
r-oldrel-macos-x86_64 | 1.0.3 | 322.00 | OK | |||
r-oldrel-windows-x86_64 | 1.0.3 | 22.00 | 464.00 | 486.00 | OK |
Version: 1.0.3
Check: data for non-ASCII characters
Result: NOTE
Note: found 31 marked UTF-8 strings
Flavors: r-devel-linux-x86_64-fedora-clang, r-devel-linux-x86_64-fedora-gcc