Last updated on 2024-06-07 21:51:40 CEST.
Flavor | Version | Tinstall | Tcheck | Ttotal | Status | Flags |
---|---|---|---|---|---|---|
r-devel-linux-x86_64-debian-clang | 0.6 | 1.82 | 20.46 | 22.28 | NOTE | |
r-devel-linux-x86_64-debian-gcc | 0.6 | 1.48 | 16.55 | 18.03 | NOTE | |
r-devel-linux-x86_64-fedora-clang | 0.6 | 29.40 | NOTE | |||
r-devel-linux-x86_64-fedora-gcc | 0.6 | 27.47 | NOTE | |||
r-devel-windows-x86_64 | 0.6 | 3.00 | 36.00 | 39.00 | NOTE | |
r-patched-linux-x86_64 | 0.6 | 1.88 | 19.89 | 21.77 | NOTE | |
r-release-linux-x86_64 | 0.6 | 1.56 | 20.41 | 21.97 | NOTE | |
r-release-macos-arm64 | 0.6 | 14.00 | NOTE | |||
r-release-macos-x86_64 | 0.6 | 20.00 | NOTE | |||
r-release-windows-x86_64 | 0.6 | 3.00 | 36.00 | 39.00 | NOTE | |
r-oldrel-macos-arm64 | 0.6 | 14.00 | NOTE | |||
r-oldrel-macos-x86_64 | 0.6 | 19.00 | NOTE | |||
r-oldrel-windows-x86_64 | 0.6 | 2.00 | 32.00 | 34.00 | NOTE |
Version: 0.6
Check: DESCRIPTION meta-information
Result: NOTE
Malformed Description field: should contain one or more complete sentences.
Flavors: r-devel-linux-x86_64-debian-clang, r-devel-linux-x86_64-debian-gcc, r-devel-linux-x86_64-fedora-clang, r-devel-linux-x86_64-fedora-gcc, r-devel-windows-x86_64, r-patched-linux-x86_64, r-release-linux-x86_64, r-release-macos-arm64, r-release-macos-x86_64, r-release-windows-x86_64, r-oldrel-macos-arm64, r-oldrel-macos-x86_64, r-oldrel-windows-x86_64