Last updated on 2024-07-16 14:50:26 CEST.
Flavor | Version | Tinstall | Tcheck | Ttotal | Status | Flags |
---|---|---|---|---|---|---|
r-devel-linux-x86_64-debian-clang | 1.0-8 | 34.22 | 166.89 | 201.11 | NOTE | |
r-devel-linux-x86_64-debian-gcc | 1.0-8 | 25.67 | 120.08 | 145.75 | NOTE | |
r-devel-linux-x86_64-fedora-clang | 1.0-8 | 254.78 | NOTE | |||
r-devel-linux-x86_64-fedora-gcc | 1.0-8 | 236.90 | NOTE | |||
r-devel-windows-x86_64 | 1.0-8 | 21.00 | 93.00 | 114.00 | NOTE | |
r-patched-linux-x86_64 | 1.0-8 | 36.66 | 162.42 | 199.08 | NOTE | |
r-release-linux-x86_64 | 1.0-8 | 32.38 | 162.33 | 194.71 | NOTE | |
r-release-macos-arm64 | 1.0-8 | 95.00 | NOTE | |||
r-release-macos-x86_64 | 1.0-8 | 105.00 | NOTE | |||
r-release-windows-x86_64 | 1.0-8 | 20.00 | 93.00 | 113.00 | NOTE | |
r-oldrel-macos-arm64 | 1.0-8 | 57.00 | OK | |||
r-oldrel-macos-x86_64 | 1.0-8 | 105.00 | OK | |||
r-oldrel-windows-x86_64 | 1.0-8 | 26.00 | 109.00 | 135.00 | OK |
Version: 1.0-8
Check: Rd files
Result: NOTE
checkRd: (-1) gWidgets2tcltk-undocumented.Rd:285: Lost braces in \itemize; meant \describe ?
checkRd: (-1) gWidgets2tcltk-undocumented.Rd:286-293: Lost braces in \itemize; meant \describe ?
checkRd: (-1) gWidgets2tcltk-undocumented.Rd:378: Lost braces
378 | \item{visible}{logical. If code{TRUE} window is drawn when
| ^
Flavors: r-devel-linux-x86_64-debian-clang, r-devel-linux-x86_64-debian-gcc, r-devel-linux-x86_64-fedora-clang, r-devel-linux-x86_64-fedora-gcc, r-devel-windows-x86_64, r-patched-linux-x86_64, r-release-linux-x86_64, r-release-macos-arm64, r-release-macos-x86_64, r-release-windows-x86_64
Version: 1.0-8
Check: Rd cross-references
Result: NOTE
Found the following Rd file(s) with Rd \link{} targets missing package
anchors:
gWidgets2tcltk-undocumented.Rd: gbutton, gprogressbar
Please provide package anchors for all Rd \link{} targets not in the
package itself and the base packages.
Flavor: r-devel-windows-x86_64