Last updated on 2024-06-08 09:49:11 CEST.
Flavor | Version | Tinstall | Tcheck | Ttotal | Status | Flags |
---|---|---|---|---|---|---|
r-devel-linux-x86_64-debian-clang | 0.3.1 | 7.33 | 64.51 | 71.84 | NOTE | |
r-devel-linux-x86_64-debian-gcc | 0.3.1 | 5.26 | 49.28 | 54.54 | NOTE | |
r-devel-linux-x86_64-fedora-clang | 0.3.1 | 91.58 | NOTE | |||
r-devel-linux-x86_64-fedora-gcc | 0.3.1 | 83.04 | NOTE | |||
r-devel-windows-x86_64 | 0.3.1 | 7.00 | 66.00 | 73.00 | NOTE | |
r-patched-linux-x86_64 | 0.3.1 | 5.75 | 62.01 | 67.76 | NOTE | |
r-release-linux-x86_64 | 0.3.1 | 4.98 | 62.45 | 67.43 | NOTE | |
r-release-macos-arm64 | 0.3.1 | 34.00 | NOTE | |||
r-release-macos-x86_64 | 0.3.1 | 48.00 | NOTE | |||
r-release-windows-x86_64 | 0.3.1 | 7.00 | 66.00 | 73.00 | NOTE | |
r-oldrel-macos-arm64 | 0.3.1 | 31.00 | NOTE | |||
r-oldrel-macos-x86_64 | 0.3.1 | 45.00 | NOTE | |||
r-oldrel-windows-x86_64 | 0.3.1 | 8.00 | 126.00 | 134.00 | NOTE |
Version: 0.3.1
Check: LazyData
Result: NOTE
'LazyData' is specified without a 'data' directory
Flavors: r-devel-linux-x86_64-debian-clang, r-devel-linux-x86_64-debian-gcc, r-devel-linux-x86_64-fedora-clang, r-devel-linux-x86_64-fedora-gcc, r-devel-windows-x86_64, r-patched-linux-x86_64, r-release-linux-x86_64, r-release-macos-arm64, r-release-macos-x86_64, r-release-windows-x86_64, r-oldrel-macos-arm64, r-oldrel-macos-x86_64, r-oldrel-windows-x86_64
Version: 0.3.1
Check: dependencies in R code
Result: NOTE
Namespace in Imports field not imported from: ‘dbplyr’
All declared Imports should be used.
Flavors: r-devel-linux-x86_64-fedora-clang, r-devel-linux-x86_64-fedora-gcc