Last updated on 2024-06-15 11:50:07 CEST.
Flavor | Version | Tinstall | Tcheck | Ttotal | Status | Flags |
---|---|---|---|---|---|---|
r-devel-linux-x86_64-debian-clang | 3.5.1 | 32.79 | 597.81 | 630.60 | OK | |
r-devel-linux-x86_64-debian-gcc | 3.5.1 | 28.28 | 421.03 | 449.31 | OK | |
r-devel-linux-x86_64-fedora-clang | 3.5.1 | 761.75 | NOTE | |||
r-devel-linux-x86_64-fedora-gcc | 3.5.1 | 732.77 | OK | |||
r-devel-windows-x86_64 | 3.5.1 | 32.00 | 499.00 | 531.00 | NOTE | |
r-patched-linux-x86_64 | 3.5.1 | 45.61 | 561.96 | 607.57 | OK | |
r-release-linux-x86_64 | 3.5.1 | 31.20 | 563.47 | 594.67 | OK | |
r-release-macos-arm64 | 3.5.1 | 200.00 | NOTE | |||
r-release-macos-x86_64 | 3.5.1 | 324.00 | NOTE | |||
r-release-windows-x86_64 | 3.5.1 | 32.00 | 442.00 | 474.00 | NOTE | |
r-oldrel-macos-arm64 | 3.5.1 | 186.00 | NOTE | |||
r-oldrel-macos-x86_64 | 3.5.1 | 503.00 | NOTE | |||
r-oldrel-windows-x86_64 | 3.5.1 | 45.00 | 583.00 | 628.00 | NOTE |
Version: 3.5.1
Check: installed package size
Result: NOTE
installed size is 6.0Mb
sub-directories of 1Mb or more:
R 1.5Mb
doc 2.3Mb
help 1.2Mb
Flavors: r-devel-linux-x86_64-fedora-clang, r-devel-windows-x86_64, r-release-macos-arm64, r-release-macos-x86_64, r-release-windows-x86_64, r-oldrel-macos-arm64, r-oldrel-macos-x86_64, r-oldrel-windows-x86_64
Version: 3.5.1
Check: Rd cross-references
Result: NOTE
Undeclared packages ‘interp’, ‘akima’ in Rd xrefs
Flavor: r-devel-linux-x86_64-fedora-clang