Last updated on 2024-06-07 21:51:41 CEST.
Flavor | Version | Tinstall | Tcheck | Ttotal | Status | Flags |
---|---|---|---|---|---|---|
r-devel-linux-x86_64-debian-clang | 0.2.0 | 6.51 | 43.95 | 50.46 | NOTE | |
r-devel-linux-x86_64-debian-gcc | 0.2.0 | 3.34 | 32.99 | 36.33 | NOTE | |
r-devel-linux-x86_64-fedora-clang | 0.2.0 | 65.95 | NOTE | |||
r-devel-linux-x86_64-fedora-gcc | 0.2.0 | 58.86 | NOTE | |||
r-devel-windows-x86_64 | 0.2.0 | 6.00 | 54.00 | 60.00 | NOTE | |
r-patched-linux-x86_64 | 0.2.0 | 5.75 | 41.99 | 47.74 | NOTE | |
r-release-linux-x86_64 | 0.2.0 | 4.94 | 43.63 | 48.57 | NOTE | |
r-release-macos-arm64 | 0.2.0 | 21.00 | NOTE | |||
r-release-macos-x86_64 | 0.2.0 | 49.00 | NOTE | |||
r-release-windows-x86_64 | 0.2.0 | 8.00 | 53.00 | 61.00 | NOTE | |
r-oldrel-macos-arm64 | 0.2.0 | 23.00 | NOTE | |||
r-oldrel-macos-x86_64 | 0.2.0 | 32.00 | NOTE | |||
r-oldrel-windows-x86_64 | 0.2.0 | 8.00 | 63.00 | 71.00 | NOTE |
Version: 0.2.0
Check: LazyData
Result: NOTE
'LazyData' is specified without a 'data' directory
Flavors: r-devel-linux-x86_64-debian-clang, r-devel-linux-x86_64-debian-gcc, r-devel-linux-x86_64-fedora-clang, r-devel-linux-x86_64-fedora-gcc, r-devel-windows-x86_64, r-patched-linux-x86_64, r-release-linux-x86_64, r-release-macos-arm64, r-release-macos-x86_64, r-release-windows-x86_64, r-oldrel-macos-arm64, r-oldrel-macos-x86_64, r-oldrel-windows-x86_64