Last updated on 2024-06-07 21:51:41 CEST.
Flavor | Version | Tinstall | Tcheck | Ttotal | Status | Flags |
---|---|---|---|---|---|---|
r-devel-linux-x86_64-debian-clang | 0.1.1 | 1.84 | 26.12 | 27.96 | NOTE | |
r-devel-linux-x86_64-debian-gcc | 0.1.1 | 1.70 | 20.60 | 22.30 | NOTE | |
r-devel-linux-x86_64-fedora-clang | 0.1.1 | 36.32 | NOTE | |||
r-devel-linux-x86_64-fedora-gcc | 0.1.1 | 34.93 | NOTE | |||
r-devel-windows-x86_64 | 0.1.1 | 3.00 | 40.00 | 43.00 | NOTE | |
r-patched-linux-x86_64 | 0.1.1 | 2.60 | 25.29 | 27.89 | NOTE | |
r-release-linux-x86_64 | 0.1.1 | 1.44 | 24.70 | 26.14 | NOTE | |
r-release-macos-arm64 | 0.1.1 | 14.00 | NOTE | |||
r-release-macos-x86_64 | 0.1.1 | 22.00 | NOTE | |||
r-release-windows-x86_64 | 0.1.1 | 3.00 | 42.00 | 45.00 | NOTE | |
r-oldrel-macos-arm64 | 0.1.1 | 15.00 | NOTE | |||
r-oldrel-macos-x86_64 | 0.1.1 | 20.00 | NOTE | |||
r-oldrel-windows-x86_64 | 0.1.1 | 2.00 | 42.00 | 44.00 | NOTE |
Version: 0.1.1
Check: LazyData
Result: NOTE
'LazyData' is specified without a 'data' directory
Flavors: r-devel-linux-x86_64-debian-clang, r-devel-linux-x86_64-debian-gcc, r-devel-linux-x86_64-fedora-clang, r-devel-linux-x86_64-fedora-gcc, r-devel-windows-x86_64, r-patched-linux-x86_64, r-release-linux-x86_64, r-release-macos-arm64, r-release-macos-x86_64, r-release-windows-x86_64, r-oldrel-macos-arm64, r-oldrel-macos-x86_64, r-oldrel-windows-x86_64