Last updated on 2024-08-16 09:49:06 CEST.
Flavor | Version | Tinstall | Tcheck | Ttotal | Status | Flags |
---|---|---|---|---|---|---|
r-devel-linux-x86_64-debian-clang | 0.2.1 | 3.44 | 36.21 | 39.65 | NOTE | |
r-devel-linux-x86_64-debian-gcc | 0.2.1 | 2.67 | 26.14 | 28.81 | NOTE | |
r-devel-linux-x86_64-fedora-clang | 0.2.1 | 64.91 | NOTE | |||
r-devel-linux-x86_64-fedora-gcc | 0.2.1 | 60.96 | NOTE | |||
r-devel-windows-x86_64 | 0.2.1 | 5.00 | 62.00 | 67.00 | NOTE | |
r-patched-linux-x86_64 | 0.2.1 | 4.87 | 35.97 | 40.84 | NOTE | |
r-release-linux-x86_64 | 0.2.1 | 3.47 | 35.78 | 39.25 | NOTE | |
r-release-macos-arm64 | 0.2.1 | 21.00 | NOTE | |||
r-release-macos-x86_64 | 0.2.1 | 33.00 | NOTE | |||
r-release-windows-x86_64 | 0.2.1 | 5.00 | 78.00 | 83.00 | NOTE | |
r-oldrel-macos-arm64 | 0.2.1 | 23.00 | OK | |||
r-oldrel-macos-x86_64 | 0.2.1 | 32.00 | OK | |||
r-oldrel-windows-x86_64 | 0.2.1 | 4.00 | 71.00 | 75.00 | OK |
Version: 0.2.1
Check: Rd files
Result: NOTE
checkRd: (-1) qdb.p.correct.Rd:14: Lost braces; missing escapes or markup?
14 | \item{refpts}{a numeric vector used as a reference point to determine the correct side of the \code{qdb} for classifying \code{x}. The \code{length(refpts)} should be equal to {ncol(x)}. Default to \code{colMeans(x)}. }
| ^
Flavors: r-devel-linux-x86_64-debian-clang, r-devel-linux-x86_64-debian-gcc, r-devel-linux-x86_64-fedora-clang, r-devel-linux-x86_64-fedora-gcc, r-devel-windows-x86_64, r-patched-linux-x86_64, r-release-linux-x86_64, r-release-macos-arm64, r-release-macos-x86_64, r-release-windows-x86_64