Last updated on 2024-06-07 21:51:41 CEST.
Flavor | Version | Tinstall | Tcheck | Ttotal | Status | Flags |
---|---|---|---|---|---|---|
r-devel-linux-x86_64-debian-clang | 1.2-3 | 6.23 | 65.57 | 71.80 | NOTE | |
r-devel-linux-x86_64-debian-gcc | 1.2-3 | 6.48 | 49.56 | 56.04 | NOTE | |
r-devel-linux-x86_64-fedora-clang | 1.2-3 | 88.78 | NOTE | |||
r-devel-linux-x86_64-fedora-gcc | 1.2-3 | 86.47 | NOTE | |||
r-devel-windows-x86_64 | 1.2-3 | 9.00 | 65.00 | 74.00 | NOTE | |
r-patched-linux-x86_64 | 1.2-3 | 7.02 | 63.92 | 70.94 | NOTE | |
r-release-linux-x86_64 | 1.2-3 | 6.67 | 63.64 | 70.31 | NOTE | |
r-release-macos-arm64 | 1.2-3 | 31.00 | NOTE | |||
r-release-macos-x86_64 | 1.2-3 | 44.00 | NOTE | |||
r-release-windows-x86_64 | 1.2-3 | 9.00 | 66.00 | 75.00 | NOTE | |
r-oldrel-macos-arm64 | 1.2-3 | 33.00 | OK | |||
r-oldrel-macos-x86_64 | 1.2-3 | 54.00 | OK | |||
r-oldrel-windows-x86_64 | 1.2-3 | 11.00 | 77.00 | 88.00 | OK |
Version: 1.2-3
Check: Rd files
Result: NOTE
checkRd: (-1) gte.Rd:98: Lost braces; missing escapes or markup?
98 | \code{left} and {right} for illustrative purpose), one would need a third variable (\code{status}) taking the value 0
| ^
Flavors: r-devel-linux-x86_64-debian-clang, r-devel-linux-x86_64-debian-gcc, r-devel-linux-x86_64-fedora-clang, r-devel-linux-x86_64-fedora-gcc, r-devel-windows-x86_64, r-patched-linux-x86_64, r-release-linux-x86_64, r-release-macos-arm64, r-release-macos-x86_64, r-release-windows-x86_64