Last updated on 2024-07-16 14:50:26 CEST.
Flavor | Version | Tinstall | Tcheck | Ttotal | Status | Flags |
---|---|---|---|---|---|---|
r-devel-linux-x86_64-debian-clang | 3.1.1 | 92.22 | 215.19 | 307.41 | OK | |
r-devel-linux-x86_64-debian-gcc | 3.1.1 | 62.23 | 155.63 | 217.86 | OK | |
r-devel-linux-x86_64-fedora-clang | 3.1.1 | 404.04 | OK | |||
r-devel-linux-x86_64-fedora-gcc | 3.1.1 | 416.23 | OK | |||
r-devel-windows-x86_64 | 3.1.1 | 68.00 | 206.00 | 274.00 | NOTE | |
r-patched-linux-x86_64 | 3.1.1 | 88.18 | 205.51 | 293.69 | OK | |
r-release-linux-x86_64 | 3.1.1 | 74.39 | 207.37 | 281.76 | OK | |
r-release-macos-arm64 | 3.1.1 | 72.00 | OK | |||
r-release-macos-x86_64 | 3.1.1 | 145.00 | OK | |||
r-release-windows-x86_64 | 3.1.1 | 72.00 | 205.00 | 277.00 | OK | |
r-oldrel-macos-arm64 | 3.1.1 | 84.00 | OK | |||
r-oldrel-macos-x86_64 | 3.1.1 | 128.00 | OK | |||
r-oldrel-windows-x86_64 | 3.1.1 | 92.00 | 252.00 | 344.00 | OK |
Version: 3.1.1
Check: Rd cross-references
Result: NOTE
Found the following Rd file(s) with Rd \link{} targets missing package
anchors:
SaveAllLetterPlots.Rd: magick
Please provide package anchors for all Rd \link{} targets not in the
package itself and the base packages.
Flavor: r-devel-windows-x86_64