Last updated on 2024-06-07 21:51:42 CEST.
Flavor | Version | Tinstall | Tcheck | Ttotal | Status | Flags |
---|---|---|---|---|---|---|
r-devel-linux-x86_64-debian-clang | 0.9.0 | 32.91 | 47.29 | 80.20 | NOTE | |
r-devel-linux-x86_64-debian-gcc | 0.9.0 | 23.28 | 35.56 | 58.84 | NOTE | |
r-devel-linux-x86_64-fedora-clang | 0.9.0 | 114.75 | NOTE | |||
r-devel-linux-x86_64-fedora-gcc | 0.9.0 | 132.61 | NOTE | |||
r-devel-windows-x86_64 | 0.9.0 | 28.00 | 76.00 | 104.00 | NOTE | |
r-patched-linux-x86_64 | 0.9.0 | 27.48 | 45.15 | 72.63 | NOTE | |
r-release-linux-x86_64 | 0.9.0 | 33.00 | 45.58 | 78.58 | NOTE | |
r-release-macos-arm64 | 0.9.0 | 49.00 | NOTE | |||
r-release-macos-x86_64 | 0.9.0 | 66.00 | NOTE | |||
r-release-windows-x86_64 | 0.9.0 | 29.00 | 81.00 | 110.00 | NOTE | |
r-oldrel-macos-arm64 | 0.9.0 | 46.00 | NOTE | |||
r-oldrel-macos-x86_64 | 0.9.0 | 69.00 | NOTE | |||
r-oldrel-windows-x86_64 | 0.9.0 | 35.00 | 87.00 | 122.00 | NOTE |
Version: 0.9.0
Check: C++ specification
Result: NOTE
Specified C++11: please drop specification unless essential
Flavors: r-devel-linux-x86_64-debian-clang, r-devel-linux-x86_64-debian-gcc, r-devel-linux-x86_64-fedora-clang, r-devel-linux-x86_64-fedora-gcc, r-devel-windows-x86_64, r-patched-linux-x86_64, r-release-linux-x86_64, r-release-macos-arm64, r-release-macos-x86_64, r-release-windows-x86_64, r-oldrel-macos-arm64, r-oldrel-macos-x86_64, r-oldrel-windows-x86_64