Last updated on 2024-06-07 21:51:42 CEST.
Flavor | Version | Tinstall | Tcheck | Ttotal | Status | Flags |
---|---|---|---|---|---|---|
r-devel-linux-x86_64-debian-clang | 1.0.3 | 181.07 | 195.45 | 376.52 | OK | |
r-devel-linux-x86_64-debian-gcc | 1.0.3 | 119.74 | 156.83 | 276.57 | OK | |
r-devel-linux-x86_64-fedora-clang | 1.0.3 | 510.47 | NOTE | |||
r-devel-linux-x86_64-fedora-gcc | 1.0.3 | 573.24 | NOTE | |||
r-devel-windows-x86_64 | 1.0.3 | 134.00 | 201.00 | 335.00 | OK | |
r-patched-linux-x86_64 | 1.0.3 | 143.99 | 205.46 | 349.45 | OK | |
r-release-linux-x86_64 | 1.0.3 | 134.98 | 206.33 | 341.31 | OK | |
r-release-macos-arm64 | 1.0.3 | 116.00 | NOTE | |||
r-release-macos-x86_64 | 1.0.3 | 137.00 | NOTE | |||
r-release-windows-x86_64 | 1.0.3 | 132.00 | 206.00 | 338.00 | OK | |
r-oldrel-macos-arm64 | 1.0.3 | 89.00 | NOTE | |||
r-oldrel-macos-x86_64 | 1.0.3 | 128.00 | NOTE | |||
r-oldrel-windows-x86_64 | 1.0.3 | 162.00 | 231.00 | 393.00 | OK |
Version: 1.0.3
Check: package dependencies
Result: NOTE
Imports includes 24 non-default packages.
Importing from so many packages makes the package vulnerable to any of
them becoming unavailable. Move as many as possible to Suggests and
use conditionally.
Flavor: r-devel-linux-x86_64-fedora-clang
Version: 1.0.3
Check: dependencies in R code
Result: NOTE
Namespaces in Imports field not imported from:
‘MCMCpack’ ‘ggjoy’ ‘isotone’ ‘png’ ‘questionr’ ‘rprojroot’
‘tidyverse’
All declared Imports should be used.
Flavors: r-devel-linux-x86_64-fedora-clang, r-devel-linux-x86_64-fedora-gcc
Version: 1.0.3
Check: installed package size
Result: NOTE
installed size is 7.5Mb
sub-directories of 1Mb or more:
libs 6.7Mb
Flavors: r-release-macos-arm64, r-release-macos-x86_64, r-oldrel-macos-arm64, r-oldrel-macos-x86_64