Last updated on 2024-06-07 21:51:42 CEST.
Flavor | Version | Tinstall | Tcheck | Ttotal | Status | Flags |
---|---|---|---|---|---|---|
r-devel-linux-x86_64-debian-clang | 2.0.1 | 56.42 | 53.13 | 109.55 | NOTE | |
r-devel-linux-x86_64-debian-gcc | 2.0.2 | 45.37 | 40.57 | 85.94 | NOTE | |
r-devel-linux-x86_64-fedora-clang | 2.0.2 | 156.44 | NOTE | |||
r-devel-linux-x86_64-fedora-gcc | 2.0.2 | 182.91 | NOTE | |||
r-devel-windows-x86_64 | 2.0.2 | 53.00 | 88.00 | 141.00 | NOTE | |
r-patched-linux-x86_64 | 2.0.1 | 56.59 | 49.77 | 106.36 | NOTE | |
r-release-linux-x86_64 | 2.0.1 | 54.93 | 50.20 | 105.13 | NOTE | |
r-release-macos-arm64 | 2.0.2 | 78.00 | NOTE | |||
r-release-macos-x86_64 | 2.0.2 | 163.00 | NOTE | |||
r-release-windows-x86_64 | 2.0.2 | 50.00 | 88.00 | 138.00 | NOTE | |
r-oldrel-macos-arm64 | 2.0.2 | 85.00 | NOTE | |||
r-oldrel-macos-x86_64 | 2.0.2 | 140.00 | NOTE | |||
r-oldrel-windows-x86_64 | 2.0.2 | 51.00 | 98.00 | 149.00 | NOTE |
Version: 2.0.1
Check: C++ specification
Result: NOTE
Specified C++14: please drop specification unless essential
Flavors: r-devel-linux-x86_64-debian-clang, r-patched-linux-x86_64, r-release-linux-x86_64
Version: 2.0.1
Check: compiled code
Result: NOTE
File ‘httpgd/libs/httpgd.so’:
Found non-API calls to R: ‘SETLENGTH’, ‘SET_TRUELENGTH’
Compiled code should not call non-API entry points in R.
See ‘Writing portable packages’ in the ‘Writing R Extensions’ manual.
Flavor: r-devel-linux-x86_64-debian-clang
Version: 2.0.2
Check: C++ specification
Result: NOTE
Specified C++14: please drop specification unless essential
Flavors: r-devel-linux-x86_64-debian-gcc, r-devel-linux-x86_64-fedora-clang, r-devel-linux-x86_64-fedora-gcc, r-devel-windows-x86_64, r-release-macos-arm64, r-release-macos-x86_64, r-release-windows-x86_64, r-oldrel-macos-arm64, r-oldrel-macos-x86_64, r-oldrel-windows-x86_64
Version: 2.0.2
Check: compiled code
Result: NOTE
File ‘httpgd/libs/httpgd.so’:
Found non-API calls to R: ‘SETLENGTH’, ‘SET_TRUELENGTH’
Compiled code should not call non-API entry points in R.
See ‘Writing portable packages’ in the ‘Writing R Extensions’ manual.
Flavors: r-devel-linux-x86_64-debian-gcc, r-devel-linux-x86_64-fedora-clang, r-devel-linux-x86_64-fedora-gcc
Version: 2.0.2
Check: compiled code
Result: NOTE
File 'httpgd/libs/x64/httpgd.dll':
Found non-API calls to R: 'SETLENGTH', 'SET_TRUELENGTH'
Compiled code should not call non-API entry points in R.
See 'Writing portable packages' in the 'Writing R Extensions' manual.
Flavor: r-devel-windows-x86_64
Version: 2.0.2
Check: installed package size
Result: NOTE
installed size is 10.0Mb
sub-directories of 1Mb or more:
libs 9.4Mb
Flavors: r-release-macos-arm64, r-release-macos-x86_64, r-oldrel-macos-arm64, r-oldrel-macos-x86_64