Last updated on 2024-06-07 21:51:42 CEST.
Flavor | Version | Tinstall | Tcheck | Ttotal | Status | Flags |
---|---|---|---|---|---|---|
r-devel-linux-x86_64-debian-clang | 0.2.0 | 7.28 | 126.04 | 133.32 | OK | |
r-devel-linux-x86_64-debian-gcc | 0.2.0 | 7.06 | 86.85 | 93.91 | OK | |
r-devel-linux-x86_64-fedora-clang | 0.2.0 | 165.69 | NOTE | |||
r-devel-linux-x86_64-fedora-gcc | 0.2.0 | 174.64 | NOTE | |||
r-devel-windows-x86_64 | 0.2.0 | 8.00 | 96.00 | 104.00 | OK | |
r-patched-linux-x86_64 | 0.2.0 | 7.50 | 119.93 | 127.43 | OK | |
r-release-linux-x86_64 | 0.2.0 | 8.68 | 118.24 | 126.92 | OK | |
r-release-macos-arm64 | 0.2.0 | 50.00 | OK | |||
r-release-macos-x86_64 | 0.2.0 | 86.00 | OK | |||
r-release-windows-x86_64 | 0.2.0 | 7.00 | 103.00 | 110.00 | OK | |
r-oldrel-macos-arm64 | 0.2.0 | 62.00 | OK | |||
r-oldrel-macos-x86_64 | 0.2.0 | 179.00 | OK | |||
r-oldrel-windows-x86_64 | 0.2.0 | 9.00 | 119.00 | 128.00 | OK |
Version: 0.2.0
Check: data for non-ASCII characters
Result: NOTE
Note: found 160 marked UTF-8 strings
Flavors: r-devel-linux-x86_64-fedora-clang, r-devel-linux-x86_64-fedora-gcc