Last updated on 2024-07-17 21:54:29 CEST.
Flavor | Version | Tinstall | Tcheck | Ttotal | Status | Flags |
---|---|---|---|---|---|---|
r-devel-linux-x86_64-debian-clang | 0.1 | 2.59 | 27.76 | 30.35 | OK | |
r-devel-linux-x86_64-debian-gcc | 0.1 | 1.55 | 21.13 | 22.68 | OK | |
r-devel-linux-x86_64-fedora-clang | 0.1 | 39.24 | OK | |||
r-devel-linux-x86_64-fedora-gcc | 0.1 | 35.12 | OK | |||
r-devel-windows-x86_64 | 0.1 | 3.00 | 50.00 | 53.00 | NOTE | |
r-patched-linux-x86_64 | 0.1 | 4.76 | 26.28 | 31.04 | OK | |
r-release-linux-x86_64 | 0.1 | 2.10 | 25.98 | 28.08 | OK | |
r-release-macos-arm64 | 0.1 | 17.00 | OK | |||
r-release-macos-x86_64 | 0.1 | 24.00 | OK | |||
r-release-windows-x86_64 | 0.1 | 4.00 | 47.00 | 51.00 | OK | |
r-oldrel-macos-arm64 | 0.1 | 21.00 | OK | |||
r-oldrel-macos-x86_64 | 0.1 | 35.00 | OK | |||
r-oldrel-windows-x86_64 | 0.1 | 3.00 | 48.00 | 51.00 | OK |
Version: 0.1
Check: Rd cross-references
Result: NOTE
Found the following Rd file(s) with Rd \link{} targets missing package
anchors:
cooks.distance.Rd: ols, lad, ridge
leverages.Rd: ols, ridge
logLik.displacement.Rd: ols, lad, ridge
Please provide package anchors for all Rd \link{} targets not in the
package itself and the base packages.
Flavor: r-devel-windows-x86_64