Last updated on 2024-06-07 21:51:42 CEST.
Flavor | Version | Tinstall | Tcheck | Ttotal | Status | Flags |
---|---|---|---|---|---|---|
r-devel-linux-x86_64-debian-clang | 1.0.1 | 11.62 | 110.30 | 121.92 | NOTE | |
r-devel-linux-x86_64-debian-gcc | 1.0.1 | 8.13 | 80.38 | 88.51 | NOTE | |
r-devel-linux-x86_64-fedora-clang | 1.0.1 | 142.96 | NOTE | |||
r-devel-linux-x86_64-fedora-gcc | 1.0.1 | 139.48 | NOTE | |||
r-devel-windows-x86_64 | 1.0.1 | 10.00 | 96.00 | 106.00 | NOTE | |
r-patched-linux-x86_64 | 1.0.1 | 7.60 | 104.26 | 111.86 | NOTE | |
r-release-linux-x86_64 | 1.0.1 | 6.96 | 104.52 | 111.48 | NOTE | |
r-release-macos-arm64 | 1.0.1 | 44.00 | NOTE | |||
r-release-macos-x86_64 | 1.0.1 | 61.00 | NOTE | |||
r-release-windows-x86_64 | 1.0.1 | 10.00 | 95.00 | 105.00 | NOTE | |
r-oldrel-macos-arm64 | 1.0.1 | 48.00 | OK | |||
r-oldrel-macos-x86_64 | 1.0.1 | 75.00 | OK | |||
r-oldrel-windows-x86_64 | 1.0.1 | 13.00 | 115.00 | 128.00 | OK |
Version: 1.0.1
Check: Rd files
Result: NOTE
checkRd: (-1) intRvals-package.Rd:60: Lost braces
60 | B\'{e}dard, J. & Gauthier, G. 1986. Assessment of faecal output in geese. Journal of Applied Ecology, 23, 77-90.
| ^
checkRd: (-1) partition.Rd:64: Lost braces
64 | Bates, D., M\"{a}chler, M., Bolker, B.M. & Walker, S.C. (2015). Fitting linear mixed-effects models using lme4. Journal of Statistical Software, 67, 1-48.
| ^
Flavors: r-devel-linux-x86_64-debian-clang, r-devel-linux-x86_64-debian-gcc, r-devel-linux-x86_64-fedora-clang, r-devel-linux-x86_64-fedora-gcc, r-devel-windows-x86_64, r-patched-linux-x86_64, r-release-linux-x86_64, r-release-macos-arm64, r-release-macos-x86_64, r-release-windows-x86_64