Last updated on 2024-06-07 21:51:42 CEST.
Flavor | Version | Tinstall | Tcheck | Ttotal | Status | Flags |
---|---|---|---|---|---|---|
r-devel-linux-x86_64-debian-clang | 2.1.0 | 255.16 | 224.48 | 479.64 | ERROR | |
r-devel-linux-x86_64-debian-gcc | 2.1.0 | 176.07 | 319.76 | 495.83 | OK | |
r-devel-linux-x86_64-fedora-clang | 2.1.0 | 768.46 | OK | |||
r-devel-linux-x86_64-fedora-gcc | 2.1.0 | 914.55 | OK | |||
r-devel-windows-x86_64 | 2.1.0 | 190.00 | 329.00 | 519.00 | OK | |
r-patched-linux-x86_64 | 2.1.0 | 214.90 | 413.93 | 628.83 | OK | |
r-release-linux-x86_64 | 2.1.0 | 215.39 | 414.02 | 629.41 | OK | |
r-release-macos-arm64 | 2.1.0 | 241.00 | NOTE | |||
r-release-macos-x86_64 | 2.1.0 | 323.00 | NOTE | |||
r-release-windows-x86_64 | 2.1.0 | 190.00 | 340.00 | 530.00 | OK | |
r-oldrel-macos-arm64 | 2.1.0 | 241.00 | NOTE | |||
r-oldrel-macos-x86_64 | 2.1.0 | 499.00 | NOTE | |||
r-oldrel-windows-x86_64 | 2.1.0 | 228.00 | 426.00 | 654.00 | OK |
Version: 2.1.0
Check: tests
Result: ERROR
Running ‘testthat.R’ [186s/217s]
Running the tests in ‘tests/testthat.R’ failed.
Complete output:
> # This file is part of the standard setup for testthat.
> # It is recommended that you do not modify it.
> #
> # Where should you do additional test configuration?
> # Learn more about the roles of various files in:
> # * https://r-pkgs.org/tests.html
> # * https://testthat.r-lib.org/reference/test_package.html#special-files
>
> library(testthat)
> library(intrinsicFRP)
>
> test_check("intrinsicFRP")
[ FAIL 1 | WARN 0 | SKIP 0 | PASS 1139 ]
══ Failed tests ════════════════════════════════════════════════════════════════
── Failure ('test-identification_tests.R:80:3'): Test ChenFang2019BetaRankTest and
IterativeKleibergenPaap2006BetaRankTest ──
Expected `ChenFang2019BetaRankTest(returns, random_factors)` to run without any errors.
i Actually got a <std::runtime_error> with text:
solve(): solution not found
[ FAIL 1 | WARN 0 | SKIP 0 | PASS 1139 ]
Error: Test failures
Execution halted
Flavor: r-devel-linux-x86_64-debian-clang
Version: 2.1.0
Check: installed package size
Result: NOTE
installed size is 9.9Mb
sub-directories of 1Mb or more:
libs 9.6Mb
Flavors: r-release-macos-arm64, r-release-macos-x86_64, r-oldrel-macos-arm64, r-oldrel-macos-x86_64