Last updated on 2024-06-07 21:51:43 CEST.
Flavor | Version | Tinstall | Tcheck | Ttotal | Status | Flags |
---|---|---|---|---|---|---|
r-devel-linux-x86_64-debian-clang | 1.1.1 | 6.21 | 50.99 | 57.20 | OK | |
r-devel-linux-x86_64-debian-gcc | 1.1.1 | 4.80 | 38.17 | 42.97 | OK | |
r-devel-linux-x86_64-fedora-clang | 1.1.1 | 71.00 | NOTE | |||
r-devel-linux-x86_64-fedora-gcc | 1.1.1 | 67.45 | OK | |||
r-devel-windows-x86_64 | 1.1.1 | 6.00 | 55.00 | 61.00 | OK | |
r-patched-linux-x86_64 | 1.1.1 | 5.56 | 48.49 | 54.05 | OK | |
r-release-linux-x86_64 | 1.1.1 | 3.93 | 47.91 | 51.84 | OK | |
r-release-macos-arm64 | 1.1.1 | 23.00 | OK | |||
r-release-macos-x86_64 | 1.1.1 | 32.00 | OK | |||
r-release-windows-x86_64 | 1.1.1 | 7.00 | 73.00 | 80.00 | OK | |
r-oldrel-macos-arm64 | 1.1.1 | 24.00 | OK | |||
r-oldrel-macos-x86_64 | 1.1.1 | 33.00 | OK | |||
r-oldrel-windows-x86_64 | 1.1.1 | 8.00 | 66.00 | 74.00 | OK |
Version: 1.1.1
Check: Rd cross-references
Result: NOTE
Undeclared package ‘AER’ in Rd xrefs
Flavor: r-devel-linux-x86_64-fedora-clang