Last updated on 2024-08-16 09:49:08 CEST.
Flavor | Version | Tinstall | Tcheck | Ttotal | Status | Flags |
---|---|---|---|---|---|---|
r-devel-linux-x86_64-debian-clang | 1.5.6 | 36.75 | 208.06 | 244.81 | OK | |
r-devel-linux-x86_64-debian-gcc | 1.5.6 | 21.82 | 140.52 | 162.34 | OK | |
r-devel-linux-x86_64-fedora-clang | 1.5.6 | 385.77 | NOTE | |||
r-devel-linux-x86_64-fedora-gcc | 1.5.6 | 376.90 | OK | |||
r-devel-windows-x86_64 | 1.5.6 | 36.00 | 210.00 | 246.00 | OK | |
r-patched-linux-x86_64 | 1.5.6 | 37.24 | 197.86 | 235.10 | OK | |
r-release-linux-x86_64 | 1.5.6 | 34.79 | 193.76 | 228.55 | OK | |
r-release-macos-arm64 | 1.5.6 | 58.00 | OK | |||
r-release-macos-x86_64 | 1.5.6 | 119.00 | OK | |||
r-release-windows-x86_64 | 1.5.6 | 35.00 | 212.00 | 247.00 | OK | |
r-oldrel-macos-arm64 | 1.5.6 | 116.00 | OK | |||
r-oldrel-macos-x86_64 | 1.5.6 | 196.00 | OK | |||
r-oldrel-windows-x86_64 | 1.5.6 | 40.00 | 273.00 | 313.00 | OK |
Version: 1.5.6
Check: package dependencies
Result: NOTE
Imports includes 34 non-default packages.
Importing from so many packages makes the package vulnerable to any of
them becoming unavailable. Move as many as possible to Suggests and
use conditionally.
Flavor: r-devel-linux-x86_64-fedora-clang