Last updated on 2024-06-07 21:51:43 CEST.
Flavor | Version | Tinstall | Tcheck | Ttotal | Status | Flags |
---|---|---|---|---|---|---|
r-devel-linux-x86_64-debian-clang | 0.6-30 | 8.75 | 100.13 | 108.88 | OK | |
r-devel-linux-x86_64-debian-gcc | 0.6-30 | 6.38 | 74.85 | 81.23 | OK | |
r-devel-linux-x86_64-fedora-clang | 0.6-30 | 129.58 | NOTE | |||
r-devel-linux-x86_64-fedora-gcc | 0.6-30 | 123.71 | OK | |||
r-devel-windows-x86_64 | 0.6-30 | 8.00 | 100.00 | 108.00 | OK | |
r-patched-linux-x86_64 | 0.6-30 | 12.46 | 94.47 | 106.93 | OK | |
r-release-linux-x86_64 | 0.6-30 | 8.77 | 91.44 | 100.21 | OK | |
r-release-macos-arm64 | 0.6-30 | 38.00 | OK | |||
r-release-macos-x86_64 | 0.6-30 | 58.00 | OK | |||
r-release-windows-x86_64 | 0.6-30 | 8.00 | 100.00 | 108.00 | OK | |
r-oldrel-macos-arm64 | 0.6-30 | 39.00 | OK | |||
r-oldrel-macos-x86_64 | 0.6-30 | 67.00 | OK | |||
r-oldrel-windows-x86_64 | 0.6-30 | 11.00 | 116.00 | 127.00 | OK |
Version: 0.6-30
Check: Rd cross-references
Result: NOTE
Undeclared package ‘ggplot2’ in Rd xrefs
Flavor: r-devel-linux-x86_64-fedora-clang