Last updated on 2024-06-07 21:51:43 CEST.
Flavor | Version | Tinstall | Tcheck | Ttotal | Status | Flags |
---|---|---|---|---|---|---|
r-devel-linux-x86_64-debian-clang | 1.0.2 | 7.19 | 73.07 | 80.26 | NOTE | |
r-devel-linux-x86_64-debian-gcc | 1.0.2 | 5.40 | 54.73 | 60.13 | NOTE | |
r-devel-linux-x86_64-fedora-clang | 1.0.2 | 100.07 | NOTE | |||
r-devel-linux-x86_64-fedora-gcc | 1.0.2 | 107.43 | NOTE | |||
r-devel-windows-x86_64 | 1.0.2 | 8.00 | 79.00 | 87.00 | NOTE | |
r-patched-linux-x86_64 | 1.0.2 | 12.82 | 69.86 | 82.68 | NOTE | |
r-release-linux-x86_64 | 1.0.2 | 6.17 | 68.76 | 74.93 | NOTE | |
r-release-macos-arm64 | 1.0.2 | 40.00 | NOTE | |||
r-release-macos-x86_64 | 1.0.2 | 60.00 | NOTE | |||
r-release-windows-x86_64 | 1.0.2 | 7.00 | 81.00 | 88.00 | NOTE | |
r-oldrel-macos-arm64 | 1.0.2 | 44.00 | NOTE | |||
r-oldrel-macos-x86_64 | 1.0.2 | 64.00 | NOTE | |||
r-oldrel-windows-x86_64 | 1.0.2 | 10.00 | 93.00 | 103.00 | NOTE |
Version: 1.0.2
Check: LazyData
Result: NOTE
'LazyData' is specified without a 'data' directory
Flavors: r-devel-linux-x86_64-debian-clang, r-devel-linux-x86_64-debian-gcc, r-devel-linux-x86_64-fedora-clang, r-devel-linux-x86_64-fedora-gcc, r-devel-windows-x86_64, r-patched-linux-x86_64, r-release-linux-x86_64, r-release-macos-arm64, r-release-macos-x86_64, r-release-windows-x86_64, r-oldrel-macos-arm64, r-oldrel-macos-x86_64, r-oldrel-windows-x86_64
Version: 1.0.2
Check: Rd cross-references
Result: NOTE
Undeclared package ‘tm’ in Rd xrefs
Flavor: r-devel-linux-x86_64-fedora-clang