Last updated on 2024-06-15 11:50:10 CEST.
Flavor | Version | Tinstall | Tcheck | Ttotal | Status | Flags |
---|---|---|---|---|---|---|
r-devel-linux-x86_64-debian-clang | 1.0.3 | 24.65 | 31.43 | 56.08 | NOTE | |
r-devel-linux-x86_64-debian-gcc | 1.0.3 | 17.34 | 24.67 | 42.01 | NOTE | |
r-devel-linux-x86_64-fedora-clang | 1.0.4 | 78.99 | OK | |||
r-devel-linux-x86_64-fedora-gcc | 1.0.4 | 77.35 | OK | |||
r-devel-windows-x86_64 | 1.0.3 | 27.00 | 76.00 | 103.00 | NOTE | |
r-patched-linux-x86_64 | 1.0.3 | 20.25 | 30.14 | 50.39 | NOTE | |
r-release-linux-x86_64 | 1.0.3 | 20.66 | 30.18 | 50.84 | NOTE | |
r-release-macos-arm64 | 1.0.4 | 26.00 | OK | |||
r-release-macos-x86_64 | 1.0.4 | 58.00 | NOTE | |||
r-release-windows-x86_64 | 1.0.3 | 24.00 | 77.00 | 101.00 | NOTE | |
r-oldrel-macos-arm64 | 1.0.4 | 30.00 | OK | |||
r-oldrel-macos-x86_64 | 1.0.4 | 57.00 | NOTE | |||
r-oldrel-windows-x86_64 | 1.0.3 | 31.00 | 85.00 | 116.00 | OK |
Version: 1.0.3
Check: Rd files
Result: NOTE
checkRd: (-1) libstable4u-package.Rd:16: Lost braces; missing escapes or markup?
16 | \item Fast and accurate evaluation of the quantile function (CDF^{-1}).
| ^
Flavors: r-devel-linux-x86_64-debian-clang, r-devel-linux-x86_64-debian-gcc, r-devel-windows-x86_64, r-patched-linux-x86_64, r-release-linux-x86_64, r-release-windows-x86_64
Version: 1.0.4
Check: installed package size
Result: NOTE
installed size is 5.1Mb
sub-directories of 1Mb or more:
libs 5.0Mb
Flavors: r-release-macos-x86_64, r-oldrel-macos-x86_64