Last updated on 2024-06-07 21:51:44 CEST.
Flavor | Version | Tinstall | Tcheck | Ttotal | Status | Flags |
---|---|---|---|---|---|---|
r-devel-linux-x86_64-debian-clang | 5.5.2.0-17.11 | 29.18 | 36.74 | 65.92 | NOTE | |
r-devel-linux-x86_64-debian-gcc | 5.5.2.0-17.11 | 26.70 | 26.90 | 53.60 | NOTE | |
r-devel-linux-x86_64-fedora-clang | 5.5.2.0-17.11 | 85.63 | NOTE | |||
r-devel-linux-x86_64-fedora-gcc | 5.5.2.0-17.11 | 103.42 | NOTE | |||
r-devel-windows-x86_64 | 5.5.2.0-17.11 | 76.00 | 72.00 | 148.00 | NOTE | |
r-patched-linux-x86_64 | 5.5.2.0-17.11 | 34.73 | 34.36 | 69.09 | OK | |
r-release-linux-x86_64 | 5.5.2.0-17.11 | 35.26 | 34.31 | 69.57 | OK | |
r-release-macos-arm64 | 5.5.2.0-17.11 | 29.00 | OK | |||
r-release-macos-x86_64 | 5.5.2.0-17.11 | 35.00 | OK | |||
r-release-windows-x86_64 | 5.5.2.0-17.11 | 70.00 | 65.00 | 135.00 | OK | |
r-oldrel-macos-arm64 | 5.5.2.0-17.11 | 34.00 | OK | |||
r-oldrel-macos-x86_64 | 5.5.2.0-17.11 | 52.00 | OK | |||
r-oldrel-windows-x86_64 | 5.5.2.0-17.11 | 96.00 | 68.00 | 164.00 | OK |
Version: 5.5.2.0-17.11
Check: compiled code
Result: NOTE
File ‘lpSolveAPI/libs/lpSolveAPI.so’:
Found non-API call to R: ‘SETLENGTH’
Compiled code should not call non-API entry points in R.
See ‘Writing portable packages’ in the ‘Writing R Extensions’ manual.
Flavors: r-devel-linux-x86_64-debian-clang, r-devel-linux-x86_64-debian-gcc, r-devel-linux-x86_64-fedora-clang, r-devel-linux-x86_64-fedora-gcc
Version: 5.5.2.0-17.11
Check: compiled code
Result: NOTE
File 'lpSolveAPI/libs/x64/lpSolveAPI.dll':
Found non-API call to R: 'SETLENGTH'
Compiled code should not call non-API entry points in R.
See 'Writing portable packages' in the 'Writing R Extensions' manual.
Flavor: r-devel-windows-x86_64