Last updated on 2024-06-07 21:51:44 CEST.
Flavor | Version | Tinstall | Tcheck | Ttotal | Status | Flags |
---|---|---|---|---|---|---|
r-devel-linux-x86_64-debian-clang | 0.2.0 | 2.96 | 28.67 | 31.63 | NOTE | |
r-devel-linux-x86_64-debian-gcc | 0.2.0 | 2.26 | 22.50 | 24.76 | NOTE | |
r-devel-linux-x86_64-fedora-clang | 0.2.0 | 39.35 | NOTE | |||
r-devel-linux-x86_64-fedora-gcc | 0.2.0 | 38.89 | NOTE | |||
r-devel-windows-x86_64 | 0.2.0 | 6.00 | 52.00 | 58.00 | NOTE | |
r-patched-linux-x86_64 | 0.2.0 | 2.36 | 28.48 | 30.84 | NOTE | |
r-release-linux-x86_64 | 0.2.0 | 2.48 | 28.19 | 30.67 | NOTE | |
r-release-macos-arm64 | 0.2.0 | 19.00 | NOTE | |||
r-release-macos-x86_64 | 0.2.0 | 27.00 | NOTE | |||
r-release-windows-x86_64 | 0.2.0 | 6.00 | 53.00 | 59.00 | NOTE | |
r-oldrel-macos-arm64 | 0.2.0 | 21.00 | NOTE | |||
r-oldrel-macos-x86_64 | 0.2.0 | 27.00 | NOTE | |||
r-oldrel-windows-x86_64 | 0.2.0 | 6.00 | 53.00 | 59.00 | NOTE |
Version: 0.2.0
Check: LazyData
Result: NOTE
'LazyData' is specified without a 'data' directory
Flavors: r-devel-linux-x86_64-debian-clang, r-devel-linux-x86_64-debian-gcc, r-devel-linux-x86_64-fedora-clang, r-devel-linux-x86_64-fedora-gcc, r-devel-windows-x86_64, r-patched-linux-x86_64, r-release-linux-x86_64, r-release-macos-arm64, r-release-macos-x86_64, r-release-windows-x86_64, r-oldrel-macos-arm64, r-oldrel-macos-x86_64, r-oldrel-windows-x86_64