Last updated on 2024-06-07 21:51:45 CEST.
Flavor | Version | Tinstall | Tcheck | Ttotal | Status | Flags |
---|---|---|---|---|---|---|
r-devel-linux-x86_64-debian-clang | 0.1.0 | 2.60 | 33.99 | 36.59 | NOTE | |
r-devel-linux-x86_64-debian-gcc | 0.1.0 | 2.83 | 25.84 | 28.67 | NOTE | |
r-devel-linux-x86_64-fedora-clang | 0.1.0 | 48.08 | NOTE | |||
r-devel-linux-x86_64-fedora-gcc | 0.1.0 | 43.86 | NOTE | |||
r-devel-windows-x86_64 | 0.1.0 | 4.00 | 49.00 | 53.00 | NOTE | |
r-patched-linux-x86_64 | 0.1.0 | 2.68 | 31.67 | 34.35 | NOTE | |
r-release-linux-x86_64 | 0.1.0 | 3.28 | 32.51 | 35.79 | NOTE | |
r-release-macos-arm64 | 0.1.0 | 18.00 | NOTE | |||
r-release-macos-x86_64 | 0.1.0 | 31.00 | NOTE | |||
r-release-windows-x86_64 | 0.1.0 | 4.00 | 50.00 | 54.00 | NOTE | |
r-oldrel-macos-arm64 | 0.1.0 | 27.00 | OK | |||
r-oldrel-macos-x86_64 | 0.1.0 | 26.00 | OK | |||
r-oldrel-windows-x86_64 | 0.1.0 | 4.00 | 52.00 | 56.00 | OK |
Version: 0.1.0
Check: Rd files
Result: NOTE
checkRd: (-1) Match.Rd:90: Lost braces; missing escapes or markup?
90 | expression in braces. For example, the condition "{[ab]*}" is equivalent
| ^
Flavors: r-devel-linux-x86_64-debian-clang, r-devel-linux-x86_64-debian-gcc, r-devel-linux-x86_64-fedora-clang, r-devel-linux-x86_64-fedora-gcc, r-devel-windows-x86_64, r-patched-linux-x86_64, r-release-linux-x86_64, r-release-macos-arm64, r-release-macos-x86_64, r-release-windows-x86_64