Last updated on 2024-08-16 09:49:09 CEST.
Flavor | Version | Tinstall | Tcheck | Ttotal | Status | Flags |
---|---|---|---|---|---|---|
r-devel-linux-x86_64-debian-clang | 2.9-10 | 17.15 | 271.19 | 288.34 | NOTE | |
r-devel-linux-x86_64-debian-gcc | 2.9-10 | 11.19 | 185.01 | 196.20 | NOTE | |
r-devel-linux-x86_64-fedora-clang | 2.9-10 | 462.42 | OK | |||
r-devel-linux-x86_64-fedora-gcc | 2.9-10 | 458.82 | OK | |||
r-devel-windows-x86_64 | 2.9-10 | 19.00 | 159.00 | 178.00 | NOTE | --no-vignettes |
r-patched-linux-x86_64 | 2.9-10 | 17.03 | 260.54 | 277.57 | OK | |
r-release-linux-x86_64 | 2.9-10 | 14.72 | 260.34 | 275.06 | OK | |
r-release-macos-arm64 | 2.9-10 | 149.00 | OK | |||
r-release-macos-x86_64 | 2.9-10 | 215.00 | OK | |||
r-release-windows-x86_64 | 2.9-10 | 18.00 | 158.00 | 176.00 | OK | --no-vignettes |
r-oldrel-macos-arm64 | 2.9-10 | 139.00 | OK | |||
r-oldrel-macos-x86_64 | 2.9-10 | 385.00 | OK | |||
r-oldrel-windows-x86_64 | 2.9-10 | 23.00 | 173.00 | 196.00 | OK | --no-vignettes |
Version: 2.9-10
Check: Rd cross-references
Result: NOTE
Found the following Rd file(s) with Rd \link{} targets missing package
anchors:
Family.Rd: Surv
confint.Rd: levelplot
Please provide package anchors for all Rd \link{} targets not in the
package itself and the base packages.
Flavors: r-devel-linux-x86_64-debian-clang, r-devel-linux-x86_64-debian-gcc
Version: 2.9-10
Flags: --no-vignettes
Check: Rd cross-references
Result: NOTE
Found the following Rd file(s) with Rd \link{} targets missing package
anchors:
Family.Rd: Surv
confint.Rd: levelplot
Please provide package anchors for all Rd \link{} targets not in the
package itself and the base packages.
Flavor: r-devel-windows-x86_64