Last updated on 2024-08-16 09:49:09 CEST.
Flavor | Version | Tinstall | Tcheck | Ttotal | Status | Flags |
---|---|---|---|---|---|---|
r-devel-linux-x86_64-debian-clang | 4.6-0 | 71.90 | 421.51 | 493.41 | NOTE | |
r-devel-linux-x86_64-debian-gcc | 4.6-0 | 40.45 | 249.69 | 290.14 | NOTE | |
r-devel-linux-x86_64-fedora-clang | 4.6-0 | 776.02 | NOTE | |||
r-devel-linux-x86_64-fedora-gcc | 4.6-0 | 737.41 | OK | |||
r-devel-windows-x86_64 | 4.6-0 | 65.00 | 361.00 | 426.00 | NOTE | |
r-patched-linux-x86_64 | 4.6-0 | 70.73 | 385.58 | 456.31 | OK | |
r-release-linux-x86_64 | 4.6-0 | 67.61 | 383.60 | 451.21 | OK | |
r-release-macos-arm64 | 4.6-0 | 159.00 | NOTE | |||
r-release-macos-x86_64 | 4.6-0 | 280.00 | NOTE | |||
r-release-windows-x86_64 | 4.6-0 | 66.00 | 365.00 | 431.00 | NOTE | |
r-oldrel-macos-arm64 | 4.6-0 | 166.00 | NOTE | |||
r-oldrel-macos-x86_64 | 4.6-0 | 498.00 | NOTE | |||
r-oldrel-windows-x86_64 | 4.6-0 | 85.00 | 495.00 | 580.00 | NOTE |
Version: 4.6-0
Check: Rd cross-references
Result: NOTE
Found the following Rd file(s) with Rd \link{} targets missing package
anchors:
misc-options.Rd: dat.moura2021
Please provide package anchors for all Rd \link{} targets not in the
package itself and the base packages.
Flavors: r-devel-linux-x86_64-debian-clang, r-devel-linux-x86_64-debian-gcc, r-devel-windows-x86_64
Version: 4.6-0
Check: installed package size
Result: NOTE
installed size is 5.2Mb
sub-directories of 1Mb or more:
R 2.0Mb
help 2.3Mb
Flavors: r-devel-linux-x86_64-fedora-clang, r-devel-windows-x86_64, r-release-macos-arm64, r-release-macos-x86_64, r-release-windows-x86_64, r-oldrel-macos-arm64, r-oldrel-macos-x86_64, r-oldrel-windows-x86_64