Last updated on 2024-08-16 09:49:09 CEST.
Flavor | Version | Tinstall | Tcheck | Ttotal | Status | Flags |
---|---|---|---|---|---|---|
r-devel-linux-x86_64-debian-clang | 1.9-1 | 90.18 | 380.39 | 470.57 | OK | |
r-devel-linux-x86_64-debian-gcc | 1.9-1 | 58.16 | 243.25 | 301.41 | OK | |
r-devel-linux-x86_64-fedora-clang | 1.9-1 | 747.60 | OK | |||
r-devel-linux-x86_64-fedora-gcc | 1.9-1 | 733.54 | OK | |||
r-devel-windows-x86_64 | 1.9-1 | 91.00 | 376.00 | 467.00 | OK | |
r-patched-linux-x86_64 | 1.9-1 | 93.32 | 359.79 | 453.11 | OK | |
r-release-linux-x86_64 | 1.9-1 | 88.69 | 367.10 | 455.79 | OK | |
r-release-macos-arm64 | 1.9-1 | 193.00 | OK | |||
r-release-macos-x86_64 | 1.9-1 | 303.00 | NOTE | |||
r-release-windows-x86_64 | 1.9-1 | 97.00 | 376.00 | 473.00 | OK | |
r-oldrel-macos-arm64 | 1.9-1 | 194.00 | OK | |||
r-oldrel-macos-x86_64 | 1.9-1 | 424.00 | NOTE | |||
r-oldrel-windows-x86_64 | 1.9-1 | 117.00 | 456.00 | 573.00 | OK |
Version: 1.9-1
Check: installed package size
Result: NOTE
installed size is 5.3Mb
sub-directories of 1Mb or more:
R 2.0Mb
libs 2.1Mb
Flavors: r-release-macos-x86_64, r-oldrel-macos-x86_64