Last updated on 2024-06-07 21:51:46 CEST.
Flavor | Version | Tinstall | Tcheck | Ttotal | Status | Flags |
---|---|---|---|---|---|---|
r-devel-linux-x86_64-debian-clang | 1.1 | 5.09 | 61.46 | 66.55 | OK | |
r-devel-linux-x86_64-debian-gcc | 1.1 | 3.32 | 47.65 | 50.97 | OK | |
r-devel-linux-x86_64-fedora-clang | 1.1 | 85.36 | OK | |||
r-devel-linux-x86_64-fedora-gcc | 1.1 | 73.29 | OK | |||
r-devel-windows-x86_64 | 1.1 | 7.00 | 77.00 | 84.00 | OK | |
r-patched-linux-x86_64 | 1.1 | 5.53 | 61.45 | 66.98 | OK | |
r-release-linux-x86_64 | 1.1 | 3.28 | 59.62 | 62.90 | OK | |
r-release-macos-arm64 | 1.1 | 37.00 | OK | |||
r-release-macos-x86_64 | 1.1 | 52.00 | OK | |||
r-release-windows-x86_64 | 1.1 | 6.00 | 76.00 | 82.00 | OK | |
r-oldrel-macos-arm64 | 1.1 | 40.00 | NOTE | |||
r-oldrel-macos-x86_64 | 1.1 | 55.00 | NOTE | |||
r-oldrel-windows-x86_64 | 1.1 | 7.00 | 95.00 | 102.00 | OK |
Version: 1.1
Check: package dependencies
Result: NOTE
Packages suggested but not available for checking: 'DAPAR', 'ProteoMM'
Flavors: r-oldrel-macos-arm64, r-oldrel-macos-x86_64