Last updated on 2024-06-07 21:51:46 CEST.
Flavor | Version | Tinstall | Tcheck | Ttotal | Status | Flags |
---|---|---|---|---|---|---|
r-devel-linux-x86_64-debian-clang | 1.2 | 92.14 | 74.06 | 166.20 | NOTE | |
r-devel-linux-x86_64-debian-gcc | 1.2 | 56.21 | 56.27 | 112.48 | NOTE | |
r-devel-linux-x86_64-fedora-clang | 1.2 | 236.85 | NOTE | |||
r-devel-linux-x86_64-fedora-gcc | 1.2 | 241.10 | NOTE | |||
r-devel-windows-x86_64 | 1.2 | 68.00 | 102.00 | 170.00 | NOTE | |
r-patched-linux-x86_64 | 1.2 | 58.55 | 71.43 | 129.98 | NOTE | |
r-release-linux-x86_64 | 1.2 | 51.57 | 74.02 | 125.59 | NOTE | |
r-release-macos-arm64 | 1.2 | 60.00 | NOTE | |||
r-release-macos-x86_64 | 1.2 | 96.00 | NOTE | |||
r-release-windows-x86_64 | 1.2 | 72.00 | 95.00 | 167.00 | NOTE | |
r-oldrel-macos-arm64 | 1.2 | 70.00 | NOTE | |||
r-oldrel-macos-x86_64 | 1.2 | 105.00 | NOTE | |||
r-oldrel-windows-x86_64 | 1.2 | 83.00 | 111.00 | 194.00 | NOTE |
Version: 1.2
Check: C++ specification
Result: NOTE
Specified C++11: please drop specification unless essential
Flavors: r-devel-linux-x86_64-debian-clang, r-devel-linux-x86_64-debian-gcc, r-devel-linux-x86_64-fedora-clang, r-devel-linux-x86_64-fedora-gcc, r-devel-windows-x86_64, r-patched-linux-x86_64, r-release-linux-x86_64, r-release-macos-arm64, r-release-macos-x86_64, r-release-windows-x86_64, r-oldrel-macos-arm64, r-oldrel-macos-x86_64, r-oldrel-windows-x86_64
Version: 1.2
Check: for GNU extensions in Makefiles
Result: NOTE
GNU make is a SystemRequirements.
Flavors: r-devel-linux-x86_64-debian-clang, r-devel-linux-x86_64-debian-gcc, r-devel-linux-x86_64-fedora-clang, r-devel-linux-x86_64-fedora-gcc, r-devel-windows-x86_64, r-patched-linux-x86_64, r-release-linux-x86_64, r-release-macos-arm64, r-release-macos-x86_64, r-release-windows-x86_64, r-oldrel-macos-arm64, r-oldrel-macos-x86_64, r-oldrel-windows-x86_64
Version: 1.2
Check: dependencies in R code
Result: NOTE
Namespace in Imports field not imported from: ‘tibble’
All declared Imports should be used.
Flavors: r-devel-linux-x86_64-fedora-clang, r-devel-linux-x86_64-fedora-gcc