Last updated on 2024-08-14 18:49:47 CEST.
Flavor | Version | Tinstall | Tcheck | Ttotal | Status | Flags |
---|---|---|---|---|---|---|
r-devel-linux-x86_64-debian-clang | 1.0.0 | 10.06 | 372.84 | 382.90 | OK | |
r-devel-linux-x86_64-debian-gcc | 1.0.0 | 7.49 | 272.77 | 280.26 | OK | |
r-devel-linux-x86_64-fedora-clang | 1.0.0 | 621.01 | OK | |||
r-devel-linux-x86_64-fedora-gcc | 1.0.0 | 576.13 | OK | |||
r-devel-windows-x86_64 | 1.0.0 | 12.00 | 234.00 | 246.00 | OK | |
r-patched-linux-x86_64 | 1.0.0 | 11.31 | 356.78 | 368.09 | OK | |
r-release-linux-x86_64 | 1.0.0 | 10.00 | 362.41 | 372.41 | OK | |
r-release-macos-arm64 | 1.0.0 | 176.00 | OK | |||
r-release-macos-x86_64 | 1.0.0 | 375.00 | OK | |||
r-release-windows-x86_64 | 1.0.0 | 12.00 | 235.00 | 247.00 | OK | |
r-oldrel-macos-arm64 | 1.0.0 | 11.00 | ERROR | |||
r-oldrel-macos-x86_64 | 1.0.0 | 12.00 | ERROR | |||
r-oldrel-windows-x86_64 | 1.0.0 | 14.00 | 334.00 | 348.00 | OK |
Version: 1.0.0
Check: package dependencies
Result: ERROR
Packages required and available but unsuitable versions: 'bbotk', 'paradox'
See section ‘The DESCRIPTION file’ in the ‘Writing R Extensions’
manual.
Flavors: r-oldrel-macos-arm64, r-oldrel-macos-x86_64